{"id":5,"date":"2019-06-25T14:34:14","date_gmt":"2019-06-25T12:34:14","guid":{"rendered":"https:\/\/isatis.asso.fr\/villa-danielle-torelli\/?page_id=5"},"modified":"2020-03-05T13:54:19","modified_gmt":"2020-03-05T12:54:19","slug":"description","status":"publish","type":"page","link":"https:\/\/isatis.asso.fr\/villa-danielle-torelli\/ehpad\/description\/","title":{"rendered":"Description"},"content":{"rendered":"\n<h2 class=\"wp-block-heading\">Le lieu de vie<\/h2>\n\n\n\n<div class=\"wp-block-columns is-layout-flex wp-container-core-columns-is-layout-9d6595d7 wp-block-columns-is-layout-flex\">\n<div class=\"wp-block-column is-layout-flow wp-block-column-is-layout-flow\" style=\"flex-basis:66.66%\">\n<figure class=\"wp-block-image size-large\"><img loading=\"lazy\" decoding=\"async\" width=\"1024\" height=\"1024\" src=\"https:\/\/isatis.asso.fr\/villa-danielle-torelli\/wp-content\/uploads\/sites\/27\/2019\/11\/5e77053e8c81b770074e37e6dc873560f15670cb-1024x1024.jpg\" alt=\"\" class=\"wp-image-124\" srcset=\"https:\/\/isatis.asso.fr\/villa-danielle-torelli\/wp-content\/uploads\/sites\/27\/2019\/11\/5e77053e8c81b770074e37e6dc873560f15670cb-1024x1024.jpg 1024w, https:\/\/isatis.asso.fr\/villa-danielle-torelli\/wp-content\/uploads\/sites\/27\/2019\/11\/5e77053e8c81b770074e37e6dc873560f15670cb-150x150.jpg 150w, https:\/\/isatis.asso.fr\/villa-danielle-torelli\/wp-content\/uploads\/sites\/27\/2019\/11\/5e77053e8c81b770074e37e6dc873560f15670cb-300x300.jpg 300w, https:\/\/isatis.asso.fr\/villa-danielle-torelli\/wp-content\/uploads\/sites\/27\/2019\/11\/5e77053e8c81b770074e37e6dc873560f15670cb-768x768.jpg 768w, https:\/\/isatis.asso.fr\/villa-danielle-torelli\/wp-content\/uploads\/sites\/27\/2019\/11\/5e77053e8c81b770074e37e6dc873560f15670cb-1000x1000.jpg 1000w, https:\/\/isatis.asso.fr\/villa-danielle-torelli\/wp-content\/uploads\/sites\/27\/2019\/11\/5e77053e8c81b770074e37e6dc873560f15670cb.jpg 1200w\" sizes=\"auto, (max-width: 1024px) 100vw, 1024px\" \/><\/figure>\n<\/div>\n\n\n\n<div class=\"wp-block-column is-layout-flow wp-block-column-is-layout-flow\" style=\"flex-basis:33.33%\">\n<p>Ouverte d\u00e9but 2017, la construction est neuve et compos\u00e9e de 2 b\u00e2timents s\u00e9par\u00e9s par une ruelle int\u00e9rieure.<\/p>\n\n\n\n<p>La Villa Danielle Torelli dispose de 80 chambres individuelles de 25 m<sup>2<\/sup> environ, dot\u00e9es d\u2019une salle de douche, qui peuvent \u00eatre meubl\u00e9es et personnalis\u00e9es au choix du r\u00e9sident. Elle compte \u00e9galement 4 salles \u00e0 manger, une salle d\u2019animation, plusieurs salons pour les familles et une salle de kin\u00e9sith\u00e9rapie.<\/p>\n<\/div>\n<\/div>\n\n\n\n<h2 class=\"wp-block-heading\">L\u2019accompagnement <\/h2>\n\n\n\n<div class=\"wp-block-columns is-layout-flex wp-container-core-columns-is-layout-9d6595d7 wp-block-columns-is-layout-flex\">\n<div class=\"wp-block-column is-layout-flow wp-block-column-is-layout-flow\" style=\"flex-basis:66.66%\">\n<figure class=\"wp-block-image size-large\"><img loading=\"lazy\" decoding=\"async\" width=\"1024\" height=\"768\" src=\"https:\/\/isatis.asso.fr\/villa-danielle-torelli\/wp-content\/uploads\/sites\/27\/2019\/11\/3adcafa066db526cede46234bb622473581bf621-1024x768.jpg\" alt=\"\" class=\"wp-image-121\" srcset=\"https:\/\/isatis.asso.fr\/villa-danielle-torelli\/wp-content\/uploads\/sites\/27\/2019\/11\/3adcafa066db526cede46234bb622473581bf621-1024x768.jpg 1024w, https:\/\/isatis.asso.fr\/villa-danielle-torelli\/wp-content\/uploads\/sites\/27\/2019\/11\/3adcafa066db526cede46234bb622473581bf621-300x225.jpg 300w, https:\/\/isatis.asso.fr\/villa-danielle-torelli\/wp-content\/uploads\/sites\/27\/2019\/11\/3adcafa066db526cede46234bb622473581bf621-768x576.jpg 768w, https:\/\/isatis.asso.fr\/villa-danielle-torelli\/wp-content\/uploads\/sites\/27\/2019\/11\/3adcafa066db526cede46234bb622473581bf621.jpg 1200w\" sizes=\"auto, (max-width: 1024px) 100vw, 1024px\" \/><\/figure>\n<\/div>\n\n\n\n<div class=\"wp-block-column is-layout-flow wp-block-column-is-layout-flow\" style=\"flex-basis:33.33%\">\n<p>Un projet d\u2019accompagnement est d\u00e9fini avec le r\u00e9sident en fonction de ses besoins, de ses souhaits et de ses capacit\u00e9s.<\/p>\n\n\n\n<p><\/p>\n<\/div>\n<\/div>\n\n\n\n<h2 class=\"wp-block-heading\">Les soins <\/h2>\n\n\n\n<div class=\"wp-block-columns is-layout-flex wp-container-core-columns-is-layout-9d6595d7 wp-block-columns-is-layout-flex\">\n<div class=\"wp-block-column is-vertically-aligned-top is-layout-flow wp-block-column-is-layout-flow\" style=\"flex-basis:66.66%\">\n<figure class=\"wp-block-image size-large\"><img loading=\"lazy\" decoding=\"async\" width=\"1024\" height=\"768\" src=\"https:\/\/isatis.asso.fr\/villa-danielle-torelli\/wp-content\/uploads\/sites\/27\/2020\/02\/6-1024x768.jpg\" alt=\"\" class=\"wp-image-148\" srcset=\"https:\/\/isatis.asso.fr\/villa-danielle-torelli\/wp-content\/uploads\/sites\/27\/2020\/02\/6-1024x768.jpg 1024w, https:\/\/isatis.asso.fr\/villa-danielle-torelli\/wp-content\/uploads\/sites\/27\/2020\/02\/6-300x225.jpg 300w, https:\/\/isatis.asso.fr\/villa-danielle-torelli\/wp-content\/uploads\/sites\/27\/2020\/02\/6-768x576.jpg 768w, https:\/\/isatis.asso.fr\/villa-danielle-torelli\/wp-content\/uploads\/sites\/27\/2020\/02\/6-1536x1152.jpg 1536w, https:\/\/isatis.asso.fr\/villa-danielle-torelli\/wp-content\/uploads\/sites\/27\/2020\/02\/6-2048x1536.jpg 2048w, https:\/\/isatis.asso.fr\/villa-danielle-torelli\/wp-content\/uploads\/sites\/27\/2020\/02\/6-1333x1000.jpg 1333w\" sizes=\"auto, (max-width: 1024px) 100vw, 1024px\" \/><\/figure>\n<\/div>\n\n\n\n<div class=\"wp-block-column is-layout-flow wp-block-column-is-layout-flow\" style=\"flex-basis:33.33%\">\n<p>Encadr\u00e9 par le m\u00e9decin coordonnateur et le cadre infirmier, l\u2019\u00e9quipe pluridisciplinaire dispense les soins requis pour chaque r\u00e9sident et l\u2019accompagne dans la r\u00e9alisation de son projet de vie au sein de l\u2019\u00e9tablissement.<\/p>\n<\/div>\n<\/div>\n\n\n\n<h2 class=\"wp-block-heading\">Le PASA<\/h2>\n\n\n\n<div class=\"wp-block-columns is-layout-flex wp-container-core-columns-is-layout-9d6595d7 wp-block-columns-is-layout-flex\">\n<div class=\"wp-block-column is-vertically-aligned-top is-layout-flow wp-block-column-is-layout-flow\" style=\"flex-basis:66.66%\">\n<figure class=\"wp-block-image size-large\"><img loading=\"lazy\" decoding=\"async\" width=\"1024\" height=\"768\" src=\"https:\/\/isatis.asso.fr\/villa-danielle-torelli\/wp-content\/uploads\/sites\/27\/2020\/03\/photo-pasa-2-mars-2020-repas-002-1024x768.jpg\" alt=\"PASA Torelli\" class=\"wp-image-172\" srcset=\"https:\/\/isatis.asso.fr\/villa-danielle-torelli\/wp-content\/uploads\/sites\/27\/2020\/03\/photo-pasa-2-mars-2020-repas-002-1024x768.jpg 1024w, https:\/\/isatis.asso.fr\/villa-danielle-torelli\/wp-content\/uploads\/sites\/27\/2020\/03\/photo-pasa-2-mars-2020-repas-002-300x225.jpg 300w, https:\/\/isatis.asso.fr\/villa-danielle-torelli\/wp-content\/uploads\/sites\/27\/2020\/03\/photo-pasa-2-mars-2020-repas-002-768x576.jpg 768w, https:\/\/isatis.asso.fr\/villa-danielle-torelli\/wp-content\/uploads\/sites\/27\/2020\/03\/photo-pasa-2-mars-2020-repas-002-1536x1152.jpg 1536w, https:\/\/isatis.asso.fr\/villa-danielle-torelli\/wp-content\/uploads\/sites\/27\/2020\/03\/photo-pasa-2-mars-2020-repas-002-2048x1536.jpg 2048w, https:\/\/isatis.asso.fr\/villa-danielle-torelli\/wp-content\/uploads\/sites\/27\/2020\/03\/photo-pasa-2-mars-2020-repas-002-1333x1000.jpg 1333w\" sizes=\"auto, (max-width: 1024px) 100vw, 1024px\" \/><figcaption>Repas au PASA<\/figcaption><\/figure>\n<\/div>\n\n\n\n<div class=\"wp-block-column is-layout-flow wp-block-column-is-layout-flow\" style=\"flex-basis:33.33%\">\n<p> L\u2019\u00e9tablissement est dot\u00e9, en septembre 2018, d\u2019un PASA  (P\u00f4le d\u2019Activit\u00e9s et de Soins Adapt\u00e9s) , unit\u00e9 distincte du reste de l\u2019EHPAD, permettant aux personnes atteintes de la maladie d\u2019Alzheimer ou troubles apparent\u00e9s, de b\u00e9n\u00e9ficier d\u2019un accompagnement sp\u00e9cifique et personnalis\u00e9 durant la journ\u00e9e. Ce p\u00f4le permet de stimuler les facult\u00e9s de chacun dans le respect de ses capacit\u00e9s, pour entretenir son autonomie quel que soit le stade de la maladie. <\/p>\n<\/div>\n<\/div>\n\n\n\n<h2 class=\"wp-block-heading\">Animation <\/h2>\n\n\n\n<div class=\"wp-block-columns is-layout-flex wp-container-core-columns-is-layout-9d6595d7 wp-block-columns-is-layout-flex\">\n<div class=\"wp-block-column is-layout-flow wp-block-column-is-layout-flow\" style=\"flex-basis:66.66%\">\n<figure class=\"wp-block-image size-large\"><img loading=\"lazy\" decoding=\"async\" width=\"1024\" height=\"768\" src=\"https:\/\/isatis.asso.fr\/villa-danielle-torelli\/wp-content\/uploads\/sites\/27\/2019\/10\/vdt-animation-1024x768.jpg\" alt=\"\" class=\"wp-image-86\" srcset=\"https:\/\/isatis.asso.fr\/villa-danielle-torelli\/wp-content\/uploads\/sites\/27\/2019\/10\/vdt-animation-1024x768.jpg 1024w, https:\/\/isatis.asso.fr\/villa-danielle-torelli\/wp-content\/uploads\/sites\/27\/2019\/10\/vdt-animation-300x225.jpg 300w, https:\/\/isatis.asso.fr\/villa-danielle-torelli\/wp-content\/uploads\/sites\/27\/2019\/10\/vdt-animation-768x576.jpg 768w, https:\/\/isatis.asso.fr\/villa-danielle-torelli\/wp-content\/uploads\/sites\/27\/2019\/10\/vdt-animation-1333x1000.jpg 1333w, https:\/\/isatis.asso.fr\/villa-danielle-torelli\/wp-content\/uploads\/sites\/27\/2019\/10\/vdt-animation.jpg 1500w\" sizes=\"auto, (max-width: 1024px) 100vw, 1024px\" \/><\/figure>\n<\/div>\n\n\n\n<div class=\"wp-block-column is-layout-flow wp-block-column-is-layout-flow\" style=\"flex-basis:33.33%\">\n<p> L\u2019EHPAD propose \u00e0 ses r\u00e9sidents des animations quotidiennes (activit\u00e9s ludiques, artistiques, culturelles ou moments festifs) encadr\u00e9es par une animatrice avec la participation d\u2019une \u00e9quipe de personnes b\u00e9n\u00e9voles. La situation g\u00e9ographique de l\u2019\u00e9tablissement favorise les rencontres interg\u00e9n\u00e9rationnelles par exemple&nbsp;: la cr\u00e9ation d\u2019une chorale inclusive avec 3 \u00e9tablissements du village Saint Michel, la visite r\u00e9guli\u00e8re d\u2019une \u00e9cole maternelle, des activit\u00e9s men\u00e9es avec les enfants de la cr\u00e8che. <\/p>\n<\/div>\n<\/div>\n\n\n<h2>&nbsp;<\/h2>\n<p><\/p>\n<h2>&nbsp;<\/h2>\n<p><\/p>","protected":false},"excerpt":{"rendered":"<p>Le lieu de vie Ouverte d\u00e9but 2017, la construction est neuve et compos\u00e9e de 2 b\u00e2timents s\u00e9par\u00e9s par une ruelle int\u00e9rieure. La Villa Danielle Torelli dispose de 80 chambres individuelles de 25 m2 environ, dot\u00e9es d\u2019une salle de douche, qui peuvent \u00eatre meubl\u00e9es et personnalis\u00e9es au choix du r\u00e9sident. Elle compte \u00e9galement 4 salles \u00e0 [&hellip;]<\/p>\n","protected":false},"author":1,"featured_media":0,"parent":2,"menu_order":2,"comment_status":"closed","ping_status":"closed","template":"","meta":{"_acf_changed":false,"footnotes":""},"class_list":["post-5","page","type-page","status-publish","hentry"],"acf":[],"yoast_head":"<!-- This site is optimized with the Yoast SEO plugin v27.3 - https:\/\/yoast.com\/product\/yoast-seo-wordpress\/ -->\n<title>Description - Villa Danielle Torelli<\/title>\n<meta name=\"robots\" content=\"index, follow, max-snippet:-1, max-image-preview:large, max-video-preview:-1\" \/>\n<link rel=\"canonical\" href=\"https:\/\/isatis.asso.fr\/villa-danielle-torelli\/ehpad\/description\/\" \/>\n<meta property=\"og:locale\" content=\"fr_FR\" \/>\n<meta property=\"og:type\" content=\"article\" \/>\n<meta property=\"og:title\" content=\"Description - Villa Danielle Torelli\" \/>\n<meta property=\"og:description\" content=\"Le lieu de vie Ouverte d\u00e9but 2017, la construction est neuve et compos\u00e9e de 2 b\u00e2timents s\u00e9par\u00e9s par une ruelle int\u00e9rieure. La Villa Danielle Torelli dispose de 80 chambres individuelles de 25 m2 environ, dot\u00e9es d\u2019une salle de douche, qui peuvent \u00eatre meubl\u00e9es et personnalis\u00e9es au choix du r\u00e9sident. Elle compte \u00e9galement 4 salles \u00e0 [&hellip;]\" \/>\n<meta property=\"og:url\" content=\"https:\/\/isatis.asso.fr\/villa-danielle-torelli\/ehpad\/description\/\" \/>\n<meta property=\"og:site_name\" content=\"Villa Danielle Torelli\" \/>\n<meta property=\"article:modified_time\" content=\"2020-03-05T12:54:19+00:00\" \/>\n<meta property=\"og:image\" content=\"https:\/\/isatis.asso.fr\/villa-danielle-torelli\/wp-content\/uploads\/sites\/27\/2019\/11\/5e77053e8c81b770074e37e6dc873560f15670cb-1024x1024.jpg\" \/>\n<meta name=\"twitter:card\" content=\"summary_large_image\" \/>\n<meta name=\"twitter:label1\" content=\"Dur\u00e9e de lecture estim\u00e9e\" \/>\n\t<meta name=\"twitter:data1\" content=\"2 minutes\" \/>\n<script type=\"application\/ld+json\" class=\"yoast-schema-graph\">{\"@context\":\"https:\\\/\\\/schema.org\",\"@graph\":[{\"@type\":\"WebPage\",\"@id\":\"https:\\\/\\\/isatis.asso.fr\\\/villa-danielle-torelli\\\/ehpad\\\/description\\\/\",\"url\":\"https:\\\/\\\/isatis.asso.fr\\\/villa-danielle-torelli\\\/ehpad\\\/description\\\/\",\"name\":\"Description - Villa Danielle Torelli\",\"isPartOf\":{\"@id\":\"https:\\\/\\\/isatis.asso.fr\\\/villa-danielle-torelli\\\/#website\"},\"primaryImageOfPage\":{\"@id\":\"https:\\\/\\\/isatis.asso.fr\\\/villa-danielle-torelli\\\/ehpad\\\/description\\\/#primaryimage\"},\"image\":{\"@id\":\"https:\\\/\\\/isatis.asso.fr\\\/villa-danielle-torelli\\\/ehpad\\\/description\\\/#primaryimage\"},\"thumbnailUrl\":\"https:\\\/\\\/isatis.asso.fr\\\/villa-danielle-torelli\\\/wp-content\\\/uploads\\\/sites\\\/27\\\/2019\\\/11\\\/5e77053e8c81b770074e37e6dc873560f15670cb-1024x1024.jpg\",\"datePublished\":\"2019-06-25T12:34:14+00:00\",\"dateModified\":\"2020-03-05T12:54:19+00:00\",\"breadcrumb\":{\"@id\":\"https:\\\/\\\/isatis.asso.fr\\\/villa-danielle-torelli\\\/ehpad\\\/description\\\/#breadcrumb\"},\"inLanguage\":\"fr-FR\",\"potentialAction\":[{\"@type\":\"ReadAction\",\"target\":[\"https:\\\/\\\/isatis.asso.fr\\\/villa-danielle-torelli\\\/ehpad\\\/description\\\/\"]}]},{\"@type\":\"ImageObject\",\"inLanguage\":\"fr-FR\",\"@id\":\"https:\\\/\\\/isatis.asso.fr\\\/villa-danielle-torelli\\\/ehpad\\\/description\\\/#primaryimage\",\"url\":\"https:\\\/\\\/isatis.asso.fr\\\/villa-danielle-torelli\\\/wp-content\\\/uploads\\\/sites\\\/27\\\/2019\\\/11\\\/5e77053e8c81b770074e37e6dc873560f15670cb.jpg\",\"contentUrl\":\"https:\\\/\\\/isatis.asso.fr\\\/villa-danielle-torelli\\\/wp-content\\\/uploads\\\/sites\\\/27\\\/2019\\\/11\\\/5e77053e8c81b770074e37e6dc873560f15670cb.jpg\",\"width\":1200,\"height\":1200},{\"@type\":\"BreadcrumbList\",\"@id\":\"https:\\\/\\\/isatis.asso.fr\\\/villa-danielle-torelli\\\/ehpad\\\/description\\\/#breadcrumb\",\"itemListElement\":[{\"@type\":\"ListItem\",\"position\":1,\"name\":\"Accueil\",\"item\":\"https:\\\/\\\/isatis.asso.fr\\\/villa-danielle-torelli\\\/\"},{\"@type\":\"ListItem\",\"position\":2,\"name\":\"Pr\u00e9sentation\",\"item\":\"https:\\\/\\\/isatis.asso.fr\\\/villa-danielle-torelli\\\/\"},{\"@type\":\"ListItem\",\"position\":3,\"name\":\"Description\"}]},{\"@type\":\"WebSite\",\"@id\":\"https:\\\/\\\/isatis.asso.fr\\\/villa-danielle-torelli\\\/#website\",\"url\":\"https:\\\/\\\/isatis.asso.fr\\\/villa-danielle-torelli\\\/\",\"name\":\"Villa Danielle Torelli\",\"description\":\"EHPAD - H\u00c9BERGEMENT TEMPORAIRE - H\u00c9BERGEMENT TEMPORAIRE \u00ab JEUNES ALZHEIMER \u00bb - PASA\",\"potentialAction\":[{\"@type\":\"SearchAction\",\"target\":{\"@type\":\"EntryPoint\",\"urlTemplate\":\"https:\\\/\\\/isatis.asso.fr\\\/villa-danielle-torelli\\\/?s={search_term_string}\"},\"query-input\":{\"@type\":\"PropertyValueSpecification\",\"valueRequired\":true,\"valueName\":\"search_term_string\"}}],\"inLanguage\":\"fr-FR\"}]}<\/script>\n<!-- \/ Yoast SEO plugin. -->","yoast_head_json":{"title":"Description - Villa Danielle Torelli","robots":{"index":"index","follow":"follow","max-snippet":"max-snippet:-1","max-image-preview":"max-image-preview:large","max-video-preview":"max-video-preview:-1"},"canonical":"https:\/\/isatis.asso.fr\/villa-danielle-torelli\/ehpad\/description\/","og_locale":"fr_FR","og_type":"article","og_title":"Description - Villa Danielle Torelli","og_description":"Le lieu de vie Ouverte d\u00e9but 2017, la construction est neuve et compos\u00e9e de 2 b\u00e2timents s\u00e9par\u00e9s par une ruelle int\u00e9rieure. La Villa Danielle Torelli dispose de 80 chambres individuelles de 25 m2 environ, dot\u00e9es d\u2019une salle de douche, qui peuvent \u00eatre meubl\u00e9es et personnalis\u00e9es au choix du r\u00e9sident. Elle compte \u00e9galement 4 salles \u00e0 [&hellip;]","og_url":"https:\/\/isatis.asso.fr\/villa-danielle-torelli\/ehpad\/description\/","og_site_name":"Villa Danielle Torelli","article_modified_time":"2020-03-05T12:54:19+00:00","og_image":[{"url":"https:\/\/isatis.asso.fr\/villa-danielle-torelli\/wp-content\/uploads\/sites\/27\/2019\/11\/5e77053e8c81b770074e37e6dc873560f15670cb-1024x1024.jpg","type":"","width":"","height":""}],"twitter_card":"summary_large_image","twitter_misc":{"Dur\u00e9e de lecture estim\u00e9e":"2 minutes"},"schema":{"@context":"https:\/\/schema.org","@graph":[{"@type":"WebPage","@id":"https:\/\/isatis.asso.fr\/villa-danielle-torelli\/ehpad\/description\/","url":"https:\/\/isatis.asso.fr\/villa-danielle-torelli\/ehpad\/description\/","name":"Description - Villa Danielle Torelli","isPartOf":{"@id":"https:\/\/isatis.asso.fr\/villa-danielle-torelli\/#website"},"primaryImageOfPage":{"@id":"https:\/\/isatis.asso.fr\/villa-danielle-torelli\/ehpad\/description\/#primaryimage"},"image":{"@id":"https:\/\/isatis.asso.fr\/villa-danielle-torelli\/ehpad\/description\/#primaryimage"},"thumbnailUrl":"https:\/\/isatis.asso.fr\/villa-danielle-torelli\/wp-content\/uploads\/sites\/27\/2019\/11\/5e77053e8c81b770074e37e6dc873560f15670cb-1024x1024.jpg","datePublished":"2019-06-25T12:34:14+00:00","dateModified":"2020-03-05T12:54:19+00:00","breadcrumb":{"@id":"https:\/\/isatis.asso.fr\/villa-danielle-torelli\/ehpad\/description\/#breadcrumb"},"inLanguage":"fr-FR","potentialAction":[{"@type":"ReadAction","target":["https:\/\/isatis.asso.fr\/villa-danielle-torelli\/ehpad\/description\/"]}]},{"@type":"ImageObject","inLanguage":"fr-FR","@id":"https:\/\/isatis.asso.fr\/villa-danielle-torelli\/ehpad\/description\/#primaryimage","url":"https:\/\/isatis.asso.fr\/villa-danielle-torelli\/wp-content\/uploads\/sites\/27\/2019\/11\/5e77053e8c81b770074e37e6dc873560f15670cb.jpg","contentUrl":"https:\/\/isatis.asso.fr\/villa-danielle-torelli\/wp-content\/uploads\/sites\/27\/2019\/11\/5e77053e8c81b770074e37e6dc873560f15670cb.jpg","width":1200,"height":1200},{"@type":"BreadcrumbList","@id":"https:\/\/isatis.asso.fr\/villa-danielle-torelli\/ehpad\/description\/#breadcrumb","itemListElement":[{"@type":"ListItem","position":1,"name":"Accueil","item":"https:\/\/isatis.asso.fr\/villa-danielle-torelli\/"},{"@type":"ListItem","position":2,"name":"Pr\u00e9sentation","item":"https:\/\/isatis.asso.fr\/villa-danielle-torelli\/"},{"@type":"ListItem","position":3,"name":"Description"}]},{"@type":"WebSite","@id":"https:\/\/isatis.asso.fr\/villa-danielle-torelli\/#website","url":"https:\/\/isatis.asso.fr\/villa-danielle-torelli\/","name":"Villa Danielle Torelli","description":"EHPAD - H\u00c9BERGEMENT TEMPORAIRE - H\u00c9BERGEMENT TEMPORAIRE \u00ab JEUNES ALZHEIMER \u00bb - PASA","potentialAction":[{"@type":"SearchAction","target":{"@type":"EntryPoint","urlTemplate":"https:\/\/isatis.asso.fr\/villa-danielle-torelli\/?s={search_term_string}"},"query-input":{"@type":"PropertyValueSpecification","valueRequired":true,"valueName":"search_term_string"}}],"inLanguage":"fr-FR"}]}},"_links":{"self":[{"href":"https:\/\/isatis.asso.fr\/villa-danielle-torelli\/wp-json\/wp\/v2\/pages\/5","targetHints":{"allow":["GET"]}}],"collection":[{"href":"https:\/\/isatis.asso.fr\/villa-danielle-torelli\/wp-json\/wp\/v2\/pages"}],"about":[{"href":"https:\/\/isatis.asso.fr\/villa-danielle-torelli\/wp-json\/wp\/v2\/types\/page"}],"author":[{"embeddable":true,"href":"https:\/\/isatis.asso.fr\/villa-danielle-torelli\/wp-json\/wp\/v2\/users\/1"}],"replies":[{"embeddable":true,"href":"https:\/\/isatis.asso.fr\/villa-danielle-torelli\/wp-json\/wp\/v2\/comments?post=5"}],"version-history":[{"count":9,"href":"https:\/\/isatis.asso.fr\/villa-danielle-torelli\/wp-json\/wp\/v2\/pages\/5\/revisions"}],"predecessor-version":[{"id":173,"href":"https:\/\/isatis.asso.fr\/villa-danielle-torelli\/wp-json\/wp\/v2\/pages\/5\/revisions\/173"}],"up":[{"embeddable":true,"href":"https:\/\/isatis.asso.fr\/villa-danielle-torelli\/wp-json\/wp\/v2\/pages\/2"}],"wp:attachment":[{"href":"https:\/\/isatis.asso.fr\/villa-danielle-torelli\/wp-json\/wp\/v2\/media?parent=5"}],"curies":[{"name":"wp","href":"https:\/\/api.w.org\/{rel}","templated":true}]}}