{"id":5,"date":"2019-06-25T14:34:14","date_gmt":"2019-06-25T12:34:14","guid":{"rendered":"https:\/\/isatis.asso.fr\/residence-simone-veil\/?page_id=5"},"modified":"2019-12-03T15:24:07","modified_gmt":"2019-12-03T14:24:07","slug":"description","status":"publish","type":"page","link":"https:\/\/isatis.asso.fr\/residence-simone-veil\/ehpad\/description\/","title":{"rendered":"Description"},"content":{"rendered":"\n<h2 class=\"wp-block-heading\">Le lieu de vie <\/h2>\n\n\n\n<div class=\"wp-block-columns is-layout-flex wp-container-core-columns-is-layout-9d6595d7 wp-block-columns-is-layout-flex\">\n<div class=\"wp-block-column is-layout-flow wp-block-column-is-layout-flow\" style=\"flex-basis:66.66%\">\n<figure class=\"wp-block-image size-large\"><img loading=\"lazy\" decoding=\"async\" width=\"1024\" height=\"683\" src=\"https:\/\/isatis.asso.fr\/residence-simone-veil\/wp-content\/uploads\/sites\/13\/2019\/10\/simone-veil-lieu-1024x683.jpg\" alt=\"\" class=\"wp-image-86\" srcset=\"https:\/\/isatis.asso.fr\/residence-simone-veil\/wp-content\/uploads\/sites\/13\/2019\/10\/simone-veil-lieu-1024x683.jpg 1024w, https:\/\/isatis.asso.fr\/residence-simone-veil\/wp-content\/uploads\/sites\/13\/2019\/10\/simone-veil-lieu-300x200.jpg 300w, https:\/\/isatis.asso.fr\/residence-simone-veil\/wp-content\/uploads\/sites\/13\/2019\/10\/simone-veil-lieu-768x512.jpg 768w, https:\/\/isatis.asso.fr\/residence-simone-veil\/wp-content\/uploads\/sites\/13\/2019\/10\/simone-veil-lieu-270x180.jpg 270w, https:\/\/isatis.asso.fr\/residence-simone-veil\/wp-content\/uploads\/sites\/13\/2019\/10\/simone-veil-lieu-1500x1000.jpg 1500w\" sizes=\"auto, (max-width: 1024px) 100vw, 1024px\" \/><\/figure>\n<\/div>\n\n\n\n<div class=\"wp-block-column is-layout-flow wp-block-column-is-layout-flow\" style=\"flex-basis:33.33%\">\n<p>Nous proposons 56 chambres individuelles claires et spacieuses de 20 m<sup>2<\/sup> que vous pourrez personnaliser, toutes \u00e9quip\u00e9es d\u2019un lit m\u00e9dicalis\u00e9, avec une salle d\u2019eau fonctionnelle attenante.<\/p>\n\n\n\n<p>L\u2019espace de vie principal se situe au rez-de-chauss\u00e9e comprenant le restaurant et une salle de d\u00e9tente o\u00f9 sont propos\u00e9es quotidiennement des animations. Ces locaux donnent sur d\u2019agr\u00e9ables patios arbor\u00e9s. Aux \u00e9tages, des espaces favorisent la convivialit\u00e9 et le bien-\u00eatre&nbsp;: biblioth\u00e8que, baln\u00e9oth\u00e9rapie, salle de kin\u00e9sith\u00e9rapie, salon.<\/p>\n<\/div>\n<\/div>\n\n\n\n<h2 class=\"wp-block-heading\">L\u2019accompagnement <\/h2>\n\n\n\n<div class=\"wp-block-columns is-layout-flex wp-container-core-columns-is-layout-9d6595d7 wp-block-columns-is-layout-flex\">\n<div class=\"wp-block-column is-layout-flow wp-block-column-is-layout-flow\" style=\"flex-basis:66.66%\">\n<figure class=\"wp-block-image size-large\"><img loading=\"lazy\" decoding=\"async\" width=\"868\" height=\"900\" src=\"https:\/\/isatis.asso.fr\/residence-simone-veil\/wp-content\/uploads\/sites\/13\/2019\/10\/isatis.jpg\" alt=\"\" class=\"wp-image-122\" srcset=\"https:\/\/isatis.asso.fr\/residence-simone-veil\/wp-content\/uploads\/sites\/13\/2019\/10\/isatis.jpg 868w, https:\/\/isatis.asso.fr\/residence-simone-veil\/wp-content\/uploads\/sites\/13\/2019\/10\/isatis-289x300.jpg 289w, https:\/\/isatis.asso.fr\/residence-simone-veil\/wp-content\/uploads\/sites\/13\/2019\/10\/isatis-768x796.jpg 768w\" sizes=\"auto, (max-width: 868px) 100vw, 868px\" \/><\/figure>\n<\/div>\n\n\n\n<div class=\"wp-block-column is-layout-flow wp-block-column-is-layout-flow\" style=\"flex-basis:33.33%\">\n<p>Le projet d\u2019accompagnement est d\u00e9fini avec la personne accueillie et\/ou ses proches. Il est bas\u00e9 sur les attentes et les souhaits et organise l\u2019ensemble des prestations et interventions de la mani\u00e8re la plus adapt\u00e9e \u00e0 la personne. <\/p>\n<\/div>\n<\/div>\n\n\n\n<h2 class=\"wp-block-heading\">Les soins <\/h2>\n\n\n\n<div class=\"wp-block-columns is-layout-flex wp-container-core-columns-is-layout-9d6595d7 wp-block-columns-is-layout-flex\">\n<div class=\"wp-block-column is-layout-flow wp-block-column-is-layout-flow\" style=\"flex-basis:66.66%\">\n<figure class=\"wp-block-image size-large\"><img loading=\"lazy\" decoding=\"async\" width=\"1024\" height=\"683\" src=\"https:\/\/isatis.asso.fr\/residence-simone-veil\/wp-content\/uploads\/sites\/13\/2019\/10\/simone-veil-soin-1024x683.jpg\" alt=\"\" class=\"wp-image-87\" srcset=\"https:\/\/isatis.asso.fr\/residence-simone-veil\/wp-content\/uploads\/sites\/13\/2019\/10\/simone-veil-soin-1024x683.jpg 1024w, https:\/\/isatis.asso.fr\/residence-simone-veil\/wp-content\/uploads\/sites\/13\/2019\/10\/simone-veil-soin-300x200.jpg 300w, https:\/\/isatis.asso.fr\/residence-simone-veil\/wp-content\/uploads\/sites\/13\/2019\/10\/simone-veil-soin-768x512.jpg 768w, https:\/\/isatis.asso.fr\/residence-simone-veil\/wp-content\/uploads\/sites\/13\/2019\/10\/simone-veil-soin-270x180.jpg 270w, https:\/\/isatis.asso.fr\/residence-simone-veil\/wp-content\/uploads\/sites\/13\/2019\/10\/simone-veil-soin-1500x1000.jpg 1500w\" sizes=\"auto, (max-width: 1024px) 100vw, 1024px\" \/><\/figure>\n<\/div>\n\n\n\n<div class=\"wp-block-column is-layout-flow wp-block-column-is-layout-flow\" style=\"flex-basis:33.33%\">\n<p>Une \u00e9quipe de professionnels encadr\u00e9e par le m\u00e9decin coordonnateur et le cadre infirmier, met en \u0153uvre le projet de soins de l\u2019\u00e9tablissement qui privil\u00e9gie la coh\u00e9rence et la continuit\u00e9 des soins, le maintien de l\u2019autonomie et la pr\u00e9vention des risques. <\/p>\n<\/div>\n<\/div>\n\n\n\n<h2 class=\"wp-block-heading\">L\u2019animation <\/h2>\n\n\n\n<div class=\"wp-block-columns is-layout-flex wp-container-core-columns-is-layout-9d6595d7 wp-block-columns-is-layout-flex\">\n<div class=\"wp-block-column is-layout-flow wp-block-column-is-layout-flow\" style=\"flex-basis:66.66%\">\n<figure class=\"wp-block-image size-large\"><img loading=\"lazy\" decoding=\"async\" width=\"1024\" height=\"576\" src=\"https:\/\/isatis.asso.fr\/residence-simone-veil\/wp-content\/uploads\/sites\/13\/2019\/10\/simone-veil-anim-1024x576.jpg\" alt=\"\" class=\"wp-image-89\" srcset=\"https:\/\/isatis.asso.fr\/residence-simone-veil\/wp-content\/uploads\/sites\/13\/2019\/10\/simone-veil-anim-1024x576.jpg 1024w, https:\/\/isatis.asso.fr\/residence-simone-veil\/wp-content\/uploads\/sites\/13\/2019\/10\/simone-veil-anim-300x169.jpg 300w, https:\/\/isatis.asso.fr\/residence-simone-veil\/wp-content\/uploads\/sites\/13\/2019\/10\/simone-veil-anim-768x432.jpg 768w, https:\/\/isatis.asso.fr\/residence-simone-veil\/wp-content\/uploads\/sites\/13\/2019\/10\/simone-veil-anim-1600x900.jpg 1600w\" sizes=\"auto, (max-width: 1024px) 100vw, 1024px\" \/><\/figure>\n<\/div>\n\n\n\n<div class=\"wp-block-column is-layout-flow wp-block-column-is-layout-flow\" style=\"flex-basis:33.33%\">\n<p>Le programme d\u2019activit\u00e9s hebdomadaire est propos\u00e9 pour divertir mais aussi stimuler les fonctions cognitives et motrices. Il est renforc\u00e9 par de nombreux \u00e9v\u00e8nements ponctuels&nbsp;: concerts, rencontres, sorties, journ\u00e9es \u00e0 th\u00e8me.<\/p>\n<\/div>\n<\/div>\n\n\n<h2>Un accueil de jour<\/h2>\n<p>L\u2019\u00e9tablissement accueille \u00e0 la journ\u00e9e des personnes \u00e2g\u00e9es vivant \u00e0 leur domicile. Au sein d\u2019un espace totalement d\u00e9di\u00e9 \u00e0 cette offre, une psychomotricienne et une aide-soignante proposent des activit\u00e9s adapt\u00e9es et un repas.<\/p>\n<p><a href=\"https:\/\/isatis.asso.fr\/accueil-de-jour-simone-veil\/\"><span class=\"btn btn-lg btn-orange\">Accueil de jour Simone Veil<\/span><\/a><\/p>","protected":false},"excerpt":{"rendered":"<p>Le lieu de vie Nous proposons 56 chambres individuelles claires et spacieuses de 20 m2 que vous pourrez personnaliser, toutes \u00e9quip\u00e9es d\u2019un lit m\u00e9dicalis\u00e9, avec une salle d\u2019eau fonctionnelle attenante. L\u2019espace de vie principal se situe au rez-de-chauss\u00e9e comprenant le restaurant et une salle de d\u00e9tente o\u00f9 sont propos\u00e9es quotidiennement des animations. Ces locaux donnent [&hellip;]<\/p>\n","protected":false},"author":1,"featured_media":0,"parent":2,"menu_order":2,"comment_status":"closed","ping_status":"closed","template":"","meta":{"_acf_changed":false,"footnotes":""},"class_list":["post-5","page","type-page","status-publish","hentry"],"acf":[],"yoast_head":"<!-- This site is optimized with the Yoast SEO plugin v27.3 - https:\/\/yoast.com\/product\/yoast-seo-wordpress\/ -->\n<title>Description - R\u00e9sidence Simone Veil<\/title>\n<meta name=\"robots\" content=\"index, follow, max-snippet:-1, max-image-preview:large, max-video-preview:-1\" \/>\n<link rel=\"canonical\" href=\"https:\/\/isatis.asso.fr\/residence-simone-veil\/ehpad\/description\/\" \/>\n<meta property=\"og:locale\" content=\"fr_FR\" \/>\n<meta property=\"og:type\" content=\"article\" \/>\n<meta property=\"og:title\" content=\"Description - R\u00e9sidence Simone Veil\" \/>\n<meta property=\"og:description\" content=\"Le lieu de vie Nous proposons 56 chambres individuelles claires et spacieuses de 20 m2 que vous pourrez personnaliser, toutes \u00e9quip\u00e9es d\u2019un lit m\u00e9dicalis\u00e9, avec une salle d\u2019eau fonctionnelle attenante. L\u2019espace de vie principal se situe au rez-de-chauss\u00e9e comprenant le restaurant et une salle de d\u00e9tente o\u00f9 sont propos\u00e9es quotidiennement des animations. Ces locaux donnent [&hellip;]\" \/>\n<meta property=\"og:url\" content=\"https:\/\/isatis.asso.fr\/residence-simone-veil\/ehpad\/description\/\" \/>\n<meta property=\"og:site_name\" content=\"R\u00e9sidence Simone Veil\" \/>\n<meta property=\"article:modified_time\" content=\"2019-12-03T14:24:07+00:00\" \/>\n<meta property=\"og:image\" content=\"https:\/\/isatis.asso.fr\/residence-simone-veil\/wp-content\/uploads\/sites\/13\/2019\/10\/simone-veil-lieu-1024x683.jpg\" \/>\n<meta name=\"twitter:card\" content=\"summary_large_image\" \/>\n<meta name=\"twitter:label1\" content=\"Dur\u00e9e de lecture estim\u00e9e\" \/>\n\t<meta name=\"twitter:data1\" content=\"1 minute\" \/>\n<script type=\"application\/ld+json\" class=\"yoast-schema-graph\">{\"@context\":\"https:\\\/\\\/schema.org\",\"@graph\":[{\"@type\":\"WebPage\",\"@id\":\"https:\\\/\\\/isatis.asso.fr\\\/residence-simone-veil\\\/ehpad\\\/description\\\/\",\"url\":\"https:\\\/\\\/isatis.asso.fr\\\/residence-simone-veil\\\/ehpad\\\/description\\\/\",\"name\":\"Description - R\u00e9sidence Simone Veil\",\"isPartOf\":{\"@id\":\"https:\\\/\\\/isatis.asso.fr\\\/residence-simone-veil\\\/#website\"},\"primaryImageOfPage\":{\"@id\":\"https:\\\/\\\/isatis.asso.fr\\\/residence-simone-veil\\\/ehpad\\\/description\\\/#primaryimage\"},\"image\":{\"@id\":\"https:\\\/\\\/isatis.asso.fr\\\/residence-simone-veil\\\/ehpad\\\/description\\\/#primaryimage\"},\"thumbnailUrl\":\"https:\\\/\\\/isatis.asso.fr\\\/residence-simone-veil\\\/wp-content\\\/uploads\\\/sites\\\/13\\\/2019\\\/10\\\/simone-veil-lieu-1024x683.jpg\",\"datePublished\":\"2019-06-25T12:34:14+00:00\",\"dateModified\":\"2019-12-03T14:24:07+00:00\",\"breadcrumb\":{\"@id\":\"https:\\\/\\\/isatis.asso.fr\\\/residence-simone-veil\\\/ehpad\\\/description\\\/#breadcrumb\"},\"inLanguage\":\"fr-FR\",\"potentialAction\":[{\"@type\":\"ReadAction\",\"target\":[\"https:\\\/\\\/isatis.asso.fr\\\/residence-simone-veil\\\/ehpad\\\/description\\\/\"]}]},{\"@type\":\"ImageObject\",\"inLanguage\":\"fr-FR\",\"@id\":\"https:\\\/\\\/isatis.asso.fr\\\/residence-simone-veil\\\/ehpad\\\/description\\\/#primaryimage\",\"url\":\"https:\\\/\\\/isatis.asso.fr\\\/residence-simone-veil\\\/wp-content\\\/uploads\\\/sites\\\/13\\\/2019\\\/10\\\/simone-veil-lieu.jpg\",\"contentUrl\":\"https:\\\/\\\/isatis.asso.fr\\\/residence-simone-veil\\\/wp-content\\\/uploads\\\/sites\\\/13\\\/2019\\\/10\\\/simone-veil-lieu.jpg\",\"width\":5184,\"height\":3456},{\"@type\":\"BreadcrumbList\",\"@id\":\"https:\\\/\\\/isatis.asso.fr\\\/residence-simone-veil\\\/ehpad\\\/description\\\/#breadcrumb\",\"itemListElement\":[{\"@type\":\"ListItem\",\"position\":1,\"name\":\"Accueil\",\"item\":\"https:\\\/\\\/isatis.asso.fr\\\/residence-simone-veil\\\/\"},{\"@type\":\"ListItem\",\"position\":2,\"name\":\"Pr\u00e9sentation\",\"item\":\"https:\\\/\\\/isatis.asso.fr\\\/residence-simone-veil\\\/\"},{\"@type\":\"ListItem\",\"position\":3,\"name\":\"Description\"}]},{\"@type\":\"WebSite\",\"@id\":\"https:\\\/\\\/isatis.asso.fr\\\/residence-simone-veil\\\/#website\",\"url\":\"https:\\\/\\\/isatis.asso.fr\\\/residence-simone-veil\\\/\",\"name\":\"R\u00e9sidence Simone Veil\",\"description\":\"CENTRE D\u2019ACCUEIL DE JOUR - EHPAD\",\"potentialAction\":[{\"@type\":\"SearchAction\",\"target\":{\"@type\":\"EntryPoint\",\"urlTemplate\":\"https:\\\/\\\/isatis.asso.fr\\\/residence-simone-veil\\\/?s={search_term_string}\"},\"query-input\":{\"@type\":\"PropertyValueSpecification\",\"valueRequired\":true,\"valueName\":\"search_term_string\"}}],\"inLanguage\":\"fr-FR\"}]}<\/script>\n<!-- \/ Yoast SEO plugin. -->","yoast_head_json":{"title":"Description - R\u00e9sidence Simone Veil","robots":{"index":"index","follow":"follow","max-snippet":"max-snippet:-1","max-image-preview":"max-image-preview:large","max-video-preview":"max-video-preview:-1"},"canonical":"https:\/\/isatis.asso.fr\/residence-simone-veil\/ehpad\/description\/","og_locale":"fr_FR","og_type":"article","og_title":"Description - R\u00e9sidence Simone Veil","og_description":"Le lieu de vie Nous proposons 56 chambres individuelles claires et spacieuses de 20 m2 que vous pourrez personnaliser, toutes \u00e9quip\u00e9es d\u2019un lit m\u00e9dicalis\u00e9, avec une salle d\u2019eau fonctionnelle attenante. L\u2019espace de vie principal se situe au rez-de-chauss\u00e9e comprenant le restaurant et une salle de d\u00e9tente o\u00f9 sont propos\u00e9es quotidiennement des animations. Ces locaux donnent [&hellip;]","og_url":"https:\/\/isatis.asso.fr\/residence-simone-veil\/ehpad\/description\/","og_site_name":"R\u00e9sidence Simone Veil","article_modified_time":"2019-12-03T14:24:07+00:00","og_image":[{"url":"https:\/\/isatis.asso.fr\/residence-simone-veil\/wp-content\/uploads\/sites\/13\/2019\/10\/simone-veil-lieu-1024x683.jpg","type":"","width":"","height":""}],"twitter_card":"summary_large_image","twitter_misc":{"Dur\u00e9e de lecture estim\u00e9e":"1 minute"},"schema":{"@context":"https:\/\/schema.org","@graph":[{"@type":"WebPage","@id":"https:\/\/isatis.asso.fr\/residence-simone-veil\/ehpad\/description\/","url":"https:\/\/isatis.asso.fr\/residence-simone-veil\/ehpad\/description\/","name":"Description - R\u00e9sidence Simone Veil","isPartOf":{"@id":"https:\/\/isatis.asso.fr\/residence-simone-veil\/#website"},"primaryImageOfPage":{"@id":"https:\/\/isatis.asso.fr\/residence-simone-veil\/ehpad\/description\/#primaryimage"},"image":{"@id":"https:\/\/isatis.asso.fr\/residence-simone-veil\/ehpad\/description\/#primaryimage"},"thumbnailUrl":"https:\/\/isatis.asso.fr\/residence-simone-veil\/wp-content\/uploads\/sites\/13\/2019\/10\/simone-veil-lieu-1024x683.jpg","datePublished":"2019-06-25T12:34:14+00:00","dateModified":"2019-12-03T14:24:07+00:00","breadcrumb":{"@id":"https:\/\/isatis.asso.fr\/residence-simone-veil\/ehpad\/description\/#breadcrumb"},"inLanguage":"fr-FR","potentialAction":[{"@type":"ReadAction","target":["https:\/\/isatis.asso.fr\/residence-simone-veil\/ehpad\/description\/"]}]},{"@type":"ImageObject","inLanguage":"fr-FR","@id":"https:\/\/isatis.asso.fr\/residence-simone-veil\/ehpad\/description\/#primaryimage","url":"https:\/\/isatis.asso.fr\/residence-simone-veil\/wp-content\/uploads\/sites\/13\/2019\/10\/simone-veil-lieu.jpg","contentUrl":"https:\/\/isatis.asso.fr\/residence-simone-veil\/wp-content\/uploads\/sites\/13\/2019\/10\/simone-veil-lieu.jpg","width":5184,"height":3456},{"@type":"BreadcrumbList","@id":"https:\/\/isatis.asso.fr\/residence-simone-veil\/ehpad\/description\/#breadcrumb","itemListElement":[{"@type":"ListItem","position":1,"name":"Accueil","item":"https:\/\/isatis.asso.fr\/residence-simone-veil\/"},{"@type":"ListItem","position":2,"name":"Pr\u00e9sentation","item":"https:\/\/isatis.asso.fr\/residence-simone-veil\/"},{"@type":"ListItem","position":3,"name":"Description"}]},{"@type":"WebSite","@id":"https:\/\/isatis.asso.fr\/residence-simone-veil\/#website","url":"https:\/\/isatis.asso.fr\/residence-simone-veil\/","name":"R\u00e9sidence Simone Veil","description":"CENTRE D\u2019ACCUEIL DE JOUR - EHPAD","potentialAction":[{"@type":"SearchAction","target":{"@type":"EntryPoint","urlTemplate":"https:\/\/isatis.asso.fr\/residence-simone-veil\/?s={search_term_string}"},"query-input":{"@type":"PropertyValueSpecification","valueRequired":true,"valueName":"search_term_string"}}],"inLanguage":"fr-FR"}]}},"_links":{"self":[{"href":"https:\/\/isatis.asso.fr\/residence-simone-veil\/wp-json\/wp\/v2\/pages\/5","targetHints":{"allow":["GET"]}}],"collection":[{"href":"https:\/\/isatis.asso.fr\/residence-simone-veil\/wp-json\/wp\/v2\/pages"}],"about":[{"href":"https:\/\/isatis.asso.fr\/residence-simone-veil\/wp-json\/wp\/v2\/types\/page"}],"author":[{"embeddable":true,"href":"https:\/\/isatis.asso.fr\/residence-simone-veil\/wp-json\/wp\/v2\/users\/1"}],"replies":[{"embeddable":true,"href":"https:\/\/isatis.asso.fr\/residence-simone-veil\/wp-json\/wp\/v2\/comments?post=5"}],"version-history":[{"count":11,"href":"https:\/\/isatis.asso.fr\/residence-simone-veil\/wp-json\/wp\/v2\/pages\/5\/revisions"}],"predecessor-version":[{"id":131,"href":"https:\/\/isatis.asso.fr\/residence-simone-veil\/wp-json\/wp\/v2\/pages\/5\/revisions\/131"}],"up":[{"embeddable":true,"href":"https:\/\/isatis.asso.fr\/residence-simone-veil\/wp-json\/wp\/v2\/pages\/2"}],"wp:attachment":[{"href":"https:\/\/isatis.asso.fr\/residence-simone-veil\/wp-json\/wp\/v2\/media?parent=5"}],"curies":[{"name":"wp","href":"https:\/\/api.w.org\/{rel}","templated":true}]}}