{"id":5,"date":"2019-06-25T14:34:14","date_gmt":"2019-06-25T12:34:14","guid":{"rendered":"https:\/\/isatis.asso.fr\/memoire-plus\/?page_id=5"},"modified":"2020-07-17T14:50:52","modified_gmt":"2020-07-17T12:50:52","slug":"description","status":"publish","type":"page","link":"https:\/\/isatis.asso.fr\/memoire-plus\/ehpad\/description\/","title":{"rendered":"Description"},"content":{"rendered":"\n<p>L\u2019accueil de jour th\u00e9rapeutique \u00ab M\u00e9moire Plus \u00bb est une r\u00e9ponse compl\u00e9mentaire pour votre projet de soutien \u00e0 domicile, proche de chez vous. Il s\u2019adresse aux personnes pr\u00e9sentant des troubles neurod\u00e9g\u00e9n\u00e9ratifs, type maladie d\u2019Alzheimer (ou apparent\u00e9e), et propose une prise en charge non m\u00e9dicamenteuse qui veille \u00e0 la pr\u00e9servation de l\u2019autonomie dans le profond respect des rythmes, des besoins, des droits et des d\u00e9sirs de chacun. <\/p>\n\n\n\n<h2 class=\"wp-block-heading\">Le lieu de vie<\/h2>\n\n\n\n<div class=\"wp-block-columns is-layout-flex wp-container-core-columns-is-layout-9d6595d7 wp-block-columns-is-layout-flex\">\n<div class=\"wp-block-column is-layout-flow wp-block-column-is-layout-flow\" style=\"flex-basis:66.66%\">\n<figure class=\"wp-block-image size-large\"><img loading=\"lazy\" decoding=\"async\" width=\"768\" height=\"1024\" src=\"https:\/\/isatis.asso.fr\/memoire-plus\/wp-content\/uploads\/sites\/19\/2019\/11\/m-lieu-768x1024.jpg\" alt=\"\" class=\"wp-image-125\" srcset=\"https:\/\/isatis.asso.fr\/memoire-plus\/wp-content\/uploads\/sites\/19\/2019\/11\/m-lieu-768x1024.jpg 768w, https:\/\/isatis.asso.fr\/memoire-plus\/wp-content\/uploads\/sites\/19\/2019\/11\/m-lieu-225x300.jpg 225w, https:\/\/isatis.asso.fr\/memoire-plus\/wp-content\/uploads\/sites\/19\/2019\/11\/m-lieu-750x1000.jpg 750w\" sizes=\"auto, (max-width: 768px) 100vw, 768px\" \/><\/figure>\n<\/div>\n\n\n\n<div class=\"wp-block-column is-layout-flow wp-block-column-is-layout-flow\" style=\"flex-basis:33.33%\">\n<p>L\u2019accueil de jour b\u00e9n\u00e9ficie de locaux clairs, spacieux, adapt\u00e9s et de plein pied, de plus de 240 m<sup>2<\/sup>. D\u2019une capacit\u00e9 de 20 places par jour, l\u2019accueil de jour est ouvert du lundi au vendredi, de 10h \u00e0 16h30. <\/p>\n<\/div>\n<\/div>\n\n\n\n<h2 class=\"wp-block-heading\">L\u2019accompagnement <\/h2>\n\n\n\n<div class=\"wp-block-columns is-layout-flex wp-container-core-columns-is-layout-9d6595d7 wp-block-columns-is-layout-flex\">\n<div class=\"wp-block-column is-layout-flow wp-block-column-is-layout-flow\" style=\"flex-basis:66.66%\">\n<figure class=\"wp-block-image size-large\"><img loading=\"lazy\" decoding=\"async\" width=\"1024\" height=\"683\" src=\"https:\/\/isatis.asso.fr\/memoire-plus\/wp-content\/uploads\/sites\/19\/2019\/11\/m-accompagnement-1024x683.jpg\" alt=\"\" class=\"wp-image-123\" srcset=\"https:\/\/isatis.asso.fr\/memoire-plus\/wp-content\/uploads\/sites\/19\/2019\/11\/m-accompagnement-1024x683.jpg 1024w, https:\/\/isatis.asso.fr\/memoire-plus\/wp-content\/uploads\/sites\/19\/2019\/11\/m-accompagnement-300x200.jpg 300w, https:\/\/isatis.asso.fr\/memoire-plus\/wp-content\/uploads\/sites\/19\/2019\/11\/m-accompagnement-768x512.jpg 768w, https:\/\/isatis.asso.fr\/memoire-plus\/wp-content\/uploads\/sites\/19\/2019\/11\/m-accompagnement-270x180.jpg 270w, https:\/\/isatis.asso.fr\/memoire-plus\/wp-content\/uploads\/sites\/19\/2019\/11\/m-accompagnement-1500x1000.jpg 1500w\" sizes=\"auto, (max-width: 1024px) 100vw, 1024px\" \/><\/figure>\n<\/div>\n\n\n\n<div class=\"wp-block-column is-layout-flow wp-block-column-is-layout-flow\" style=\"flex-basis:33.33%\">\n<p>Diff\u00e9rents temps rythmeront votre journ\u00e9e autour d\u2019activit\u00e9s favorisant la resocialisation, la stimulation intellectuelle, motrice et sensorielle, mais aussi le bien-\u00eatre.<\/p>\n\n\n\n<p>Quelques exemples d\u2019activit\u00e9s :<\/p>\n\n\n\n<p>Ateliers m\u00e9moire, r\u00e9miniscence, gym douce, danse, pr\u00e9vention des chutes, relaxation-d\u00e9tente, esth\u00e9tique, discussion, revue de presse, groupe de parole, promenades et sorties, activit\u00e9s de la vie quotidienne\/domestiques (cuisine, dressage de la table, etc.), chant, peinture, Tai-chi, peinture, arth\u00e9rapie.<\/p>\n<\/div>\n<\/div>\n\n\n\n<h2 class=\"wp-block-heading\">L\u2019\u00e9quipe pluridisciplinaire <\/h2>\n\n\n\n<p> Coordonn\u00e9e par une infirmi\u00e8re avec l\u2019appui d\u2019un m\u00e9decin r\u00e9f\u00e9rent charg\u00e9 notamment de la formation continue, l\u2019\u00e9quipe soignante propose un programme d\u2019activit\u00e9s de stimulation et assure un suivi attentif des besoins de chacun. Cette \u00e9quipe, compos\u00e9e d\u2019une psychologue, d\u2019un ergoth\u00e9rapeute, d\u2019une psychomotricienne, d\u2019aides-soignantes et aides-m\u00e9dico-psychologiques, travaille en \u00e9troite collaboration avec des intervenants ext\u00e9rieurs r\u00e9guliers, artistes (peintre, musicien), art-th\u00e9rapeute et professeur de Tai-chi.  <\/p>\n\n\n<h2>L\u2019aide aux aidants<\/h2>\n<p>Une \u00e9coute et un soutien adapt\u00e9 \u00e0 chaque situation sont propos\u00e9s aux proches aidants\u00a0:<\/p>\n<ul>\n<li>des groupes de parole anim\u00e9s par la psychologue de l\u2019accueil de jour (fr\u00e9quence mensuelle),<\/li>\n<li>un soutien individuel par la psychologue (\u00e0 la demande sur rendez-vous),<\/li>\n<li>des r\u00e9unions de famille pour mieux se conna\u00eetre (2 fois par an),<\/li>\n<li>des matin\u00e9es conviviales pour vous et votre proche : ateliers tai-chi\/relaxation et atelier chant (1 samedi par mois de 10h30 \u00e0 12h00).<\/li>\n<\/ul>","protected":false},"excerpt":{"rendered":"<p>L\u2019accueil de jour th\u00e9rapeutique \u00ab M\u00e9moire Plus \u00bb est une r\u00e9ponse compl\u00e9mentaire pour votre projet de soutien \u00e0 domicile, proche de chez vous. Il s\u2019adresse aux personnes pr\u00e9sentant des troubles neurod\u00e9g\u00e9n\u00e9ratifs, type maladie d\u2019Alzheimer (ou apparent\u00e9e), et propose une prise en charge non m\u00e9dicamenteuse qui veille \u00e0 la pr\u00e9servation de l\u2019autonomie dans le profond respect [&hellip;]<\/p>\n","protected":false},"author":1,"featured_media":0,"parent":2,"menu_order":2,"comment_status":"closed","ping_status":"closed","template":"","meta":{"_acf_changed":false,"footnotes":""},"class_list":["post-5","page","type-page","status-publish","hentry"],"acf":[],"yoast_head":"<!-- This site is optimized with the Yoast SEO plugin v27.3 - https:\/\/yoast.com\/product\/yoast-seo-wordpress\/ -->\n<title>Description - M\u00e9moire Plus<\/title>\n<meta name=\"robots\" content=\"index, follow, max-snippet:-1, max-image-preview:large, max-video-preview:-1\" \/>\n<link rel=\"canonical\" href=\"https:\/\/isatis.asso.fr\/memoire-plus\/ehpad\/description\/\" \/>\n<meta property=\"og:locale\" content=\"fr_FR\" \/>\n<meta property=\"og:type\" content=\"article\" \/>\n<meta property=\"og:title\" content=\"Description - M\u00e9moire Plus\" \/>\n<meta property=\"og:description\" content=\"L\u2019accueil de jour th\u00e9rapeutique \u00ab M\u00e9moire Plus \u00bb est une r\u00e9ponse compl\u00e9mentaire pour votre projet de soutien \u00e0 domicile, proche de chez vous. Il s\u2019adresse aux personnes pr\u00e9sentant des troubles neurod\u00e9g\u00e9n\u00e9ratifs, type maladie d\u2019Alzheimer (ou apparent\u00e9e), et propose une prise en charge non m\u00e9dicamenteuse qui veille \u00e0 la pr\u00e9servation de l\u2019autonomie dans le profond respect [&hellip;]\" \/>\n<meta property=\"og:url\" content=\"https:\/\/isatis.asso.fr\/memoire-plus\/ehpad\/description\/\" \/>\n<meta property=\"og:site_name\" content=\"M\u00e9moire Plus\" \/>\n<meta property=\"article:modified_time\" content=\"2020-07-17T12:50:52+00:00\" \/>\n<meta property=\"og:image\" content=\"https:\/\/isatis.asso.fr\/memoire-plus\/wp-content\/uploads\/sites\/19\/2019\/11\/m-lieu-768x1024.jpg\" \/>\n<meta name=\"twitter:card\" content=\"summary_large_image\" \/>\n<meta name=\"twitter:label1\" content=\"Dur\u00e9e de lecture estim\u00e9e\" \/>\n\t<meta name=\"twitter:data1\" content=\"2 minutes\" \/>\n<script type=\"application\/ld+json\" class=\"yoast-schema-graph\">{\"@context\":\"https:\\\/\\\/schema.org\",\"@graph\":[{\"@type\":\"WebPage\",\"@id\":\"https:\\\/\\\/isatis.asso.fr\\\/memoire-plus\\\/ehpad\\\/description\\\/\",\"url\":\"https:\\\/\\\/isatis.asso.fr\\\/memoire-plus\\\/ehpad\\\/description\\\/\",\"name\":\"Description - M\u00e9moire Plus\",\"isPartOf\":{\"@id\":\"https:\\\/\\\/isatis.asso.fr\\\/memoire-plus\\\/#website\"},\"primaryImageOfPage\":{\"@id\":\"https:\\\/\\\/isatis.asso.fr\\\/memoire-plus\\\/ehpad\\\/description\\\/#primaryimage\"},\"image\":{\"@id\":\"https:\\\/\\\/isatis.asso.fr\\\/memoire-plus\\\/ehpad\\\/description\\\/#primaryimage\"},\"thumbnailUrl\":\"https:\\\/\\\/isatis.asso.fr\\\/memoire-plus\\\/wp-content\\\/uploads\\\/sites\\\/19\\\/2019\\\/11\\\/m-lieu-768x1024.jpg\",\"datePublished\":\"2019-06-25T12:34:14+00:00\",\"dateModified\":\"2020-07-17T12:50:52+00:00\",\"breadcrumb\":{\"@id\":\"https:\\\/\\\/isatis.asso.fr\\\/memoire-plus\\\/ehpad\\\/description\\\/#breadcrumb\"},\"inLanguage\":\"fr-FR\",\"potentialAction\":[{\"@type\":\"ReadAction\",\"target\":[\"https:\\\/\\\/isatis.asso.fr\\\/memoire-plus\\\/ehpad\\\/description\\\/\"]}]},{\"@type\":\"ImageObject\",\"inLanguage\":\"fr-FR\",\"@id\":\"https:\\\/\\\/isatis.asso.fr\\\/memoire-plus\\\/ehpad\\\/description\\\/#primaryimage\",\"url\":\"https:\\\/\\\/isatis.asso.fr\\\/memoire-plus\\\/wp-content\\\/uploads\\\/sites\\\/19\\\/2019\\\/11\\\/m-lieu.jpg\",\"contentUrl\":\"https:\\\/\\\/isatis.asso.fr\\\/memoire-plus\\\/wp-content\\\/uploads\\\/sites\\\/19\\\/2019\\\/11\\\/m-lieu.jpg\",\"width\":2448,\"height\":3264},{\"@type\":\"BreadcrumbList\",\"@id\":\"https:\\\/\\\/isatis.asso.fr\\\/memoire-plus\\\/ehpad\\\/description\\\/#breadcrumb\",\"itemListElement\":[{\"@type\":\"ListItem\",\"position\":1,\"name\":\"Accueil\",\"item\":\"https:\\\/\\\/isatis.asso.fr\\\/memoire-plus\\\/\"},{\"@type\":\"ListItem\",\"position\":2,\"name\":\"Pr\u00e9sentation\",\"item\":\"https:\\\/\\\/isatis.asso.fr\\\/memoire-plus\\\/\"},{\"@type\":\"ListItem\",\"position\":3,\"name\":\"Description\"}]},{\"@type\":\"WebSite\",\"@id\":\"https:\\\/\\\/isatis.asso.fr\\\/memoire-plus\\\/#website\",\"url\":\"https:\\\/\\\/isatis.asso.fr\\\/memoire-plus\\\/\",\"name\":\"M\u00e9moire Plus\",\"description\":\"CENTRE D\u2019ACCUEIL DE JOUR\",\"potentialAction\":[{\"@type\":\"SearchAction\",\"target\":{\"@type\":\"EntryPoint\",\"urlTemplate\":\"https:\\\/\\\/isatis.asso.fr\\\/memoire-plus\\\/?s={search_term_string}\"},\"query-input\":{\"@type\":\"PropertyValueSpecification\",\"valueRequired\":true,\"valueName\":\"search_term_string\"}}],\"inLanguage\":\"fr-FR\"}]}<\/script>\n<!-- \/ Yoast SEO plugin. -->","yoast_head_json":{"title":"Description - M\u00e9moire Plus","robots":{"index":"index","follow":"follow","max-snippet":"max-snippet:-1","max-image-preview":"max-image-preview:large","max-video-preview":"max-video-preview:-1"},"canonical":"https:\/\/isatis.asso.fr\/memoire-plus\/ehpad\/description\/","og_locale":"fr_FR","og_type":"article","og_title":"Description - M\u00e9moire Plus","og_description":"L\u2019accueil de jour th\u00e9rapeutique \u00ab M\u00e9moire Plus \u00bb est une r\u00e9ponse compl\u00e9mentaire pour votre projet de soutien \u00e0 domicile, proche de chez vous. Il s\u2019adresse aux personnes pr\u00e9sentant des troubles neurod\u00e9g\u00e9n\u00e9ratifs, type maladie d\u2019Alzheimer (ou apparent\u00e9e), et propose une prise en charge non m\u00e9dicamenteuse qui veille \u00e0 la pr\u00e9servation de l\u2019autonomie dans le profond respect [&hellip;]","og_url":"https:\/\/isatis.asso.fr\/memoire-plus\/ehpad\/description\/","og_site_name":"M\u00e9moire Plus","article_modified_time":"2020-07-17T12:50:52+00:00","og_image":[{"url":"https:\/\/isatis.asso.fr\/memoire-plus\/wp-content\/uploads\/sites\/19\/2019\/11\/m-lieu-768x1024.jpg","type":"","width":"","height":""}],"twitter_card":"summary_large_image","twitter_misc":{"Dur\u00e9e de lecture estim\u00e9e":"2 minutes"},"schema":{"@context":"https:\/\/schema.org","@graph":[{"@type":"WebPage","@id":"https:\/\/isatis.asso.fr\/memoire-plus\/ehpad\/description\/","url":"https:\/\/isatis.asso.fr\/memoire-plus\/ehpad\/description\/","name":"Description - M\u00e9moire Plus","isPartOf":{"@id":"https:\/\/isatis.asso.fr\/memoire-plus\/#website"},"primaryImageOfPage":{"@id":"https:\/\/isatis.asso.fr\/memoire-plus\/ehpad\/description\/#primaryimage"},"image":{"@id":"https:\/\/isatis.asso.fr\/memoire-plus\/ehpad\/description\/#primaryimage"},"thumbnailUrl":"https:\/\/isatis.asso.fr\/memoire-plus\/wp-content\/uploads\/sites\/19\/2019\/11\/m-lieu-768x1024.jpg","datePublished":"2019-06-25T12:34:14+00:00","dateModified":"2020-07-17T12:50:52+00:00","breadcrumb":{"@id":"https:\/\/isatis.asso.fr\/memoire-plus\/ehpad\/description\/#breadcrumb"},"inLanguage":"fr-FR","potentialAction":[{"@type":"ReadAction","target":["https:\/\/isatis.asso.fr\/memoire-plus\/ehpad\/description\/"]}]},{"@type":"ImageObject","inLanguage":"fr-FR","@id":"https:\/\/isatis.asso.fr\/memoire-plus\/ehpad\/description\/#primaryimage","url":"https:\/\/isatis.asso.fr\/memoire-plus\/wp-content\/uploads\/sites\/19\/2019\/11\/m-lieu.jpg","contentUrl":"https:\/\/isatis.asso.fr\/memoire-plus\/wp-content\/uploads\/sites\/19\/2019\/11\/m-lieu.jpg","width":2448,"height":3264},{"@type":"BreadcrumbList","@id":"https:\/\/isatis.asso.fr\/memoire-plus\/ehpad\/description\/#breadcrumb","itemListElement":[{"@type":"ListItem","position":1,"name":"Accueil","item":"https:\/\/isatis.asso.fr\/memoire-plus\/"},{"@type":"ListItem","position":2,"name":"Pr\u00e9sentation","item":"https:\/\/isatis.asso.fr\/memoire-plus\/"},{"@type":"ListItem","position":3,"name":"Description"}]},{"@type":"WebSite","@id":"https:\/\/isatis.asso.fr\/memoire-plus\/#website","url":"https:\/\/isatis.asso.fr\/memoire-plus\/","name":"M\u00e9moire Plus","description":"CENTRE D\u2019ACCUEIL DE JOUR","potentialAction":[{"@type":"SearchAction","target":{"@type":"EntryPoint","urlTemplate":"https:\/\/isatis.asso.fr\/memoire-plus\/?s={search_term_string}"},"query-input":{"@type":"PropertyValueSpecification","valueRequired":true,"valueName":"search_term_string"}}],"inLanguage":"fr-FR"}]}},"_links":{"self":[{"href":"https:\/\/isatis.asso.fr\/memoire-plus\/wp-json\/wp\/v2\/pages\/5","targetHints":{"allow":["GET"]}}],"collection":[{"href":"https:\/\/isatis.asso.fr\/memoire-plus\/wp-json\/wp\/v2\/pages"}],"about":[{"href":"https:\/\/isatis.asso.fr\/memoire-plus\/wp-json\/wp\/v2\/types\/page"}],"author":[{"embeddable":true,"href":"https:\/\/isatis.asso.fr\/memoire-plus\/wp-json\/wp\/v2\/users\/1"}],"replies":[{"embeddable":true,"href":"https:\/\/isatis.asso.fr\/memoire-plus\/wp-json\/wp\/v2\/comments?post=5"}],"version-history":[{"count":17,"href":"https:\/\/isatis.asso.fr\/memoire-plus\/wp-json\/wp\/v2\/pages\/5\/revisions"}],"predecessor-version":[{"id":168,"href":"https:\/\/isatis.asso.fr\/memoire-plus\/wp-json\/wp\/v2\/pages\/5\/revisions\/168"}],"up":[{"embeddable":true,"href":"https:\/\/isatis.asso.fr\/memoire-plus\/wp-json\/wp\/v2\/pages\/2"}],"wp:attachment":[{"href":"https:\/\/isatis.asso.fr\/memoire-plus\/wp-json\/wp\/v2\/media?parent=5"}],"curies":[{"name":"wp","href":"https:\/\/api.w.org\/{rel}","templated":true}]}}