{"version":"1.0","provider_name":"Les Portes du Sud","provider_url":"https:\/\/isatis.asso.fr\/les-portes-du-sud","title":"Description - Les Portes du Sud","type":"rich","width":600,"height":338,"html":"<blockquote class=\"wp-embedded-content\" data-secret=\"DDk0u2QeBK\"><a href=\"https:\/\/isatis.asso.fr\/les-portes-du-sud\/ehpad\/description\/\">Description<\/a><\/blockquote><iframe sandbox=\"allow-scripts\" security=\"restricted\" src=\"https:\/\/isatis.asso.fr\/les-portes-du-sud\/ehpad\/description\/embed\/#?secret=DDk0u2QeBK\" width=\"600\" height=\"338\" title=\"\u00ab\u00a0Description\u00a0\u00bb &#8212; Les Portes du Sud\" data-secret=\"DDk0u2QeBK\" frameborder=\"0\" marginwidth=\"0\" marginheight=\"0\" scrolling=\"no\" class=\"wp-embedded-content\"><\/iframe><script type=\"text\/javascript\">\n\/* <![CDATA[ *\/\n\/*! This file is auto-generated *\/\n!function(d,l){\"use strict\";l.querySelector&&d.addEventListener&&\"undefined\"!=typeof URL&&(d.wp=d.wp||{},d.wp.receiveEmbedMessage||(d.wp.receiveEmbedMessage=function(e){var t=e.data;if((t||t.secret||t.message||t.value)&&!\/[^a-zA-Z0-9]\/.test(t.secret)){for(var s,r,n,a=l.querySelectorAll('iframe[data-secret=\"'+t.secret+'\"]'),o=l.querySelectorAll('blockquote[data-secret=\"'+t.secret+'\"]'),c=new RegExp(\"^https?:$\",\"i\"),i=0;i<o.length;i++)o[i].style.display=\"none\";for(i=0;i<a.length;i++)s=a[i],e.source===s.contentWindow&&(s.removeAttribute(\"style\"),\"height\"===t.message?(1e3<(r=parseInt(t.value,10))?r=1e3:~~r<200&&(r=200),s.height=r):\"link\"===t.message&&(r=new URL(s.getAttribute(\"src\")),n=new URL(t.value),c.test(n.protocol))&&n.host===r.host&&l.activeElement===s&&(d.top.location.href=t.value))}},d.addEventListener(\"message\",d.wp.receiveEmbedMessage,!1),l.addEventListener(\"DOMContentLoaded\",function(){for(var e,t,s=l.querySelectorAll(\"iframe.wp-embedded-content\"),r=0;r<s.length;r++)(t=(e=s[r]).getAttribute(\"data-secret\"))||(t=Math.random().toString(36).substring(2,12),e.src+=\"#?secret=\"+t,e.setAttribute(\"data-secret\",t)),e.contentWindow.postMessage({message:\"ready\",secret:t},\"*\")},!1)))}(window,document);\n\/\/# sourceURL=https:\/\/isatis.asso.fr\/les-portes-du-sud\/wp-includes\/js\/wp-embed.min.js\n\/* ]]> *\/\n<\/script>\n","description":"Le lieu de vie L\u2019accueil de jour b\u00e9n\u00e9ficie de locaux clairs, spacieux, adapt\u00e9s et de plein pied, d\u2019environ 370 m2. D\u2019une capacit\u00e9 de 25 places par jour, l\u2019accueil de jour est ouvert du lundi au vendredi, de 10h \u00e0 16h30. L\u2019accompagnement Diff\u00e9rents temps rythmeront votre journ\u00e9e autour d\u2019activit\u00e9s favorisant la resocialisation, la stimulation intellectuelle, motrice [&hellip;]","thumbnail_url":"https:\/\/isatis.asso.fr\/les-portes-du-sud\/wp-content\/uploads\/sites\/23\/2025\/01\/20250117-110040-1024x768.jpg"}

Le lieu de vie L’accueil de jour bénéficie de locaux clairs, spacieux, adaptés et de plein pied, d’environ 370 m2. D’une capacité de 25 places par jour, l’accueil de jour est ouvert du lundi au vendredi, de 10h à 16h30. L’accompagnement Différents temps rythmeront votre journée autour d’activités favorisant la resocialisation, la stimulation intellectuelle, motrice [&hellip;]
