{"version":"1.0","provider_name":"Les Portes du Sud","provider_url":"https:\/\/isatis.asso.fr\/les-portes-du-sud","title":"Semaine participative - Les Portes du Sud","type":"rich","width":600,"height":338,"html":"<blockquote class=\"wp-embedded-content\" data-secret=\"ogxBolAo2m\"><a href=\"https:\/\/isatis.asso.fr\/les-portes-du-sud\/2026\/04\/14\/semaine-participative\/\">Semaine participative<\/a><\/blockquote><iframe sandbox=\"allow-scripts\" security=\"restricted\" src=\"https:\/\/isatis.asso.fr\/les-portes-du-sud\/2026\/04\/14\/semaine-participative\/embed\/#?secret=ogxBolAo2m\" width=\"600\" height=\"338\" title=\"\u00ab\u00a0Semaine participative\u00a0\u00bb &#8212; Les Portes du Sud\" data-secret=\"ogxBolAo2m\" frameborder=\"0\" marginwidth=\"0\" marginheight=\"0\" scrolling=\"no\" class=\"wp-embedded-content\"><\/iframe><script type=\"text\/javascript\">\n\/* <![CDATA[ *\/\n\/*! This file is auto-generated *\/\n!function(d,l){\"use strict\";l.querySelector&&d.addEventListener&&\"undefined\"!=typeof URL&&(d.wp=d.wp||{},d.wp.receiveEmbedMessage||(d.wp.receiveEmbedMessage=function(e){var t=e.data;if((t||t.secret||t.message||t.value)&&!\/[^a-zA-Z0-9]\/.test(t.secret)){for(var s,r,n,a=l.querySelectorAll('iframe[data-secret=\"'+t.secret+'\"]'),o=l.querySelectorAll('blockquote[data-secret=\"'+t.secret+'\"]'),c=new RegExp(\"^https?:$\",\"i\"),i=0;i<o.length;i++)o[i].style.display=\"none\";for(i=0;i<a.length;i++)s=a[i],e.source===s.contentWindow&&(s.removeAttribute(\"style\"),\"height\"===t.message?(1e3<(r=parseInt(t.value,10))?r=1e3:~~r<200&&(r=200),s.height=r):\"link\"===t.message&&(r=new URL(s.getAttribute(\"src\")),n=new URL(t.value),c.test(n.protocol))&&n.host===r.host&&l.activeElement===s&&(d.top.location.href=t.value))}},d.addEventListener(\"message\",d.wp.receiveEmbedMessage,!1),l.addEventListener(\"DOMContentLoaded\",function(){for(var e,t,s=l.querySelectorAll(\"iframe.wp-embedded-content\"),r=0;r<s.length;r++)(t=(e=s[r]).getAttribute(\"data-secret\"))||(t=Math.random().toString(36).substring(2,12),e.src+=\"#?secret=\"+t,e.setAttribute(\"data-secret\",t)),e.contentWindow.postMessage({message:\"ready\",secret:t},\"*\")},!1)))}(window,document);\n\/\/# sourceURL=https:\/\/isatis.asso.fr\/les-portes-du-sud\/wp-includes\/js\/wp-embed.min.js\n\/* ]]> *\/\n<\/script>\n","thumbnail_url":"https:\/\/isatis.asso.fr\/les-portes-du-sud\/wp-content\/uploads\/sites\/23\/2025\/01\/20250117-110040-scaled.jpg","thumbnail_width":2560,"thumbnail_height":1920,"description":"L\u2019\u00e9quipe des \u00ab\u00a0Portes du Sud- ISATIS\u00a0\u00bb est heureuse de vous convier \u00e0 venir passer une matin\u00e9e habituellement suivie par votre proche, \u00e0 l\u2019accueil de jour, lors de la semaine participative du Lundi 18 Mai au vendredi 22 Mai 2026. Cette matin\u00e9e conviviale sera l\u2019occasion\u00a0de vous faire d\u00e9couvrir les activit\u00e9s propos\u00e9es \u00e0 l\u2019accueil de jour et [&hellip;]"}

L’équipe des « Portes du Sud- ISATIS » est heureuse de vous convier à venir passer une matinée habituellement suivie par votre proche, à l’accueil de jour, lors de la semaine participative du Lundi 18 Mai au vendredi 22 Mai 2026. Cette matinée conviviale sera l’occasion de vous faire découvrir les activités proposées à l’accueil de jour et [&hellip;]
