{"version":"1.0","provider_name":"Les Portes du Sud","provider_url":"https:\/\/isatis.asso.fr\/les-portes-du-sud","title":"Fermeture CAJ LPDS - Les Portes du Sud","type":"rich","width":600,"height":338,"html":"<blockquote class=\"wp-embedded-content\" data-secret=\"MeerXe6EVz\"><a href=\"https:\/\/isatis.asso.fr\/les-portes-du-sud\/2025\/12\/15\/fermeture-caj-lpds\/\">Fermeture CAJ LPDS<\/a><\/blockquote><iframe sandbox=\"allow-scripts\" security=\"restricted\" src=\"https:\/\/isatis.asso.fr\/les-portes-du-sud\/2025\/12\/15\/fermeture-caj-lpds\/embed\/#?secret=MeerXe6EVz\" width=\"600\" height=\"338\" title=\"\u00ab\u00a0Fermeture CAJ LPDS\u00a0\u00bb &#8212; Les Portes du Sud\" data-secret=\"MeerXe6EVz\" frameborder=\"0\" marginwidth=\"0\" marginheight=\"0\" scrolling=\"no\" class=\"wp-embedded-content\"><\/iframe><script type=\"text\/javascript\">\n\/* <![CDATA[ *\/\n\/*! This file is auto-generated *\/\n!function(d,l){\"use strict\";l.querySelector&&d.addEventListener&&\"undefined\"!=typeof URL&&(d.wp=d.wp||{},d.wp.receiveEmbedMessage||(d.wp.receiveEmbedMessage=function(e){var t=e.data;if((t||t.secret||t.message||t.value)&&!\/[^a-zA-Z0-9]\/.test(t.secret)){for(var s,r,n,a=l.querySelectorAll('iframe[data-secret=\"'+t.secret+'\"]'),o=l.querySelectorAll('blockquote[data-secret=\"'+t.secret+'\"]'),c=new RegExp(\"^https?:$\",\"i\"),i=0;i<o.length;i++)o[i].style.display=\"none\";for(i=0;i<a.length;i++)s=a[i],e.source===s.contentWindow&&(s.removeAttribute(\"style\"),\"height\"===t.message?(1e3<(r=parseInt(t.value,10))?r=1e3:~~r<200&&(r=200),s.height=r):\"link\"===t.message&&(r=new URL(s.getAttribute(\"src\")),n=new URL(t.value),c.test(n.protocol))&&n.host===r.host&&l.activeElement===s&&(d.top.location.href=t.value))}},d.addEventListener(\"message\",d.wp.receiveEmbedMessage,!1),l.addEventListener(\"DOMContentLoaded\",function(){for(var e,t,s=l.querySelectorAll(\"iframe.wp-embedded-content\"),r=0;r<s.length;r++)(t=(e=s[r]).getAttribute(\"data-secret\"))||(t=Math.random().toString(36).substring(2,12),e.src+=\"#?secret=\"+t,e.setAttribute(\"data-secret\",t)),e.contentWindow.postMessage({message:\"ready\",secret:t},\"*\")},!1)))}(window,document);\n\/\/# sourceURL=https:\/\/isatis.asso.fr\/les-portes-du-sud\/wp-includes\/js\/wp-embed.min.js\n\/* ]]> *\/\n<\/script>\n","thumbnail_url":"https:\/\/isatis.asso.fr\/les-portes-du-sud\/wp-content\/uploads\/sites\/23\/2025\/12\/img-0140-1-scaled.jpg","thumbnail_width":1920,"thumbnail_height":2560,"description":"Nous vous informons que l&rsquo;Accueil de Jour \u00ab\u00a0Les Portes du Sud\u00a0\u00bb ISATIS fermera pendant une semaine au mois de d\u00e9cembre : du lundi 29 d\u00e9cembre 2025 au vendredi 2 janvier 2026. Le CAJ r\u00e9ouvrira ses portes le lundi 5 janvier 2026 d\u00e8s 10h. Vous remerciant de votre compr\u00e9hension et vous souhaitant de belles f\u00eates de [&hellip;]"}

Nous vous informons que l&rsquo;Accueil de Jour « Les Portes du Sud » ISATIS fermera pendant une semaine au mois de décembre : du lundi 29 décembre 2025 au vendredi 2 janvier 2026. Le CAJ réouvrira ses portes le lundi 5 janvier 2026 dès 10h. Vous remerciant de votre compréhension et vous souhaitant de belles fêtes de [&hellip;]
