{"version":"1.0","provider_name":"Les Portes du Sud","provider_url":"https:\/\/isatis.asso.fr\/les-portes-du-sud","title":"Fermeture estivale CAJ LPDS - Les Portes du Sud","type":"rich","width":600,"height":338,"html":"<blockquote class=\"wp-embedded-content\" data-secret=\"KaQf5yRF0Q\"><a href=\"https:\/\/isatis.asso.fr\/les-portes-du-sud\/2025\/07\/21\/fermeture-estivale-caj-lpds\/\">Fermeture estivale CAJ LPDS<\/a><\/blockquote><iframe sandbox=\"allow-scripts\" security=\"restricted\" src=\"https:\/\/isatis.asso.fr\/les-portes-du-sud\/2025\/07\/21\/fermeture-estivale-caj-lpds\/embed\/#?secret=KaQf5yRF0Q\" width=\"600\" height=\"338\" title=\"\u00ab\u00a0Fermeture estivale CAJ LPDS\u00a0\u00bb &#8212; Les Portes du Sud\" data-secret=\"KaQf5yRF0Q\" frameborder=\"0\" marginwidth=\"0\" marginheight=\"0\" scrolling=\"no\" class=\"wp-embedded-content\"><\/iframe><script type=\"text\/javascript\">\n\/* <![CDATA[ *\/\n\/*! This file is auto-generated *\/\n!function(d,l){\"use strict\";l.querySelector&&d.addEventListener&&\"undefined\"!=typeof URL&&(d.wp=d.wp||{},d.wp.receiveEmbedMessage||(d.wp.receiveEmbedMessage=function(e){var t=e.data;if((t||t.secret||t.message||t.value)&&!\/[^a-zA-Z0-9]\/.test(t.secret)){for(var s,r,n,a=l.querySelectorAll('iframe[data-secret=\"'+t.secret+'\"]'),o=l.querySelectorAll('blockquote[data-secret=\"'+t.secret+'\"]'),c=new RegExp(\"^https?:$\",\"i\"),i=0;i<o.length;i++)o[i].style.display=\"none\";for(i=0;i<a.length;i++)s=a[i],e.source===s.contentWindow&&(s.removeAttribute(\"style\"),\"height\"===t.message?(1e3<(r=parseInt(t.value,10))?r=1e3:~~r<200&&(r=200),s.height=r):\"link\"===t.message&&(r=new URL(s.getAttribute(\"src\")),n=new URL(t.value),c.test(n.protocol))&&n.host===r.host&&l.activeElement===s&&(d.top.location.href=t.value))}},d.addEventListener(\"message\",d.wp.receiveEmbedMessage,!1),l.addEventListener(\"DOMContentLoaded\",function(){for(var e,t,s=l.querySelectorAll(\"iframe.wp-embedded-content\"),r=0;r<s.length;r++)(t=(e=s[r]).getAttribute(\"data-secret\"))||(t=Math.random().toString(36).substring(2,12),e.src+=\"#?secret=\"+t,e.setAttribute(\"data-secret\",t)),e.contentWindow.postMessage({message:\"ready\",secret:t},\"*\")},!1)))}(window,document);\n\/\/# sourceURL=https:\/\/isatis.asso.fr\/les-portes-du-sud\/wp-includes\/js\/wp-embed.min.js\n\/* ]]> *\/\n<\/script>\n","thumbnail_url":"https:\/\/isatis.asso.fr\/les-portes-du-sud\/wp-content\/uploads\/sites\/23\/2021\/03\/dsc06035.jpg","thumbnail_width":1632,"thumbnail_height":1224,"description":"Nous vous informons que le Centre d&rsquo;Accueil de Jour \u00ab\u00a0Les Portes Du Sud\u00a0\u00bb fermera ses portes pour les cong\u00e9s d&rsquo;\u00e9t\u00e9 du vendredi 15 ao\u00fbt au dimanche 31 ao\u00fbt 2025. La r\u00e9ouverture se fera le lundi 1er septembre 2025 d\u00e8s 10h. Nous vous souhaitons \u00e0 toutes et \u00e0 tous un bel \u00e9t\u00e9 !"}

Nous vous informons que le Centre d&rsquo;Accueil de Jour « Les Portes Du Sud » fermera ses portes pour les congés d&rsquo;été du vendredi 15 août au dimanche 31 août 2025. La réouverture se fera le lundi 1er septembre 2025 dès 10h. Nous vous souhaitons à toutes et à tous un bel été !
