{"id":5,"date":"2019-06-25T14:34:14","date_gmt":"2019-06-25T12:34:14","guid":{"rendered":"https:\/\/isatis.asso.fr\/maison-des-poetes\/?page_id=5"},"modified":"2019-12-03T15:32:09","modified_gmt":"2019-12-03T14:32:09","slug":"description","status":"publish","type":"page","link":"https:\/\/isatis.asso.fr\/la-maison-des-poetes\/ehpad\/description\/","title":{"rendered":"Description"},"content":{"rendered":"\n<h2 class=\"wp-block-heading\">Le lieu de vie <\/h2>\n\n\n\n<div class=\"wp-block-columns is-layout-flex wp-container-core-columns-is-layout-9d6595d7 wp-block-columns-is-layout-flex\">\n<div class=\"wp-block-column is-layout-flow wp-block-column-is-layout-flow\" style=\"flex-basis:66.66%\">\n<figure class=\"wp-block-image size-large\"><img loading=\"lazy\" decoding=\"async\" width=\"1024\" height=\"951\" src=\"https:\/\/isatis.asso.fr\/la-maison-des-poetes\/wp-content\/uploads\/sites\/15\/2019\/09\/les-poetes-lieu-1024x951.jpg\" alt=\"\" class=\"wp-image-74\" srcset=\"https:\/\/isatis.asso.fr\/la-maison-des-poetes\/wp-content\/uploads\/sites\/15\/2019\/09\/les-poetes-lieu-1024x951.jpg 1024w, https:\/\/isatis.asso.fr\/la-maison-des-poetes\/wp-content\/uploads\/sites\/15\/2019\/09\/les-poetes-lieu-300x279.jpg 300w, https:\/\/isatis.asso.fr\/la-maison-des-poetes\/wp-content\/uploads\/sites\/15\/2019\/09\/les-poetes-lieu-768x713.jpg 768w, https:\/\/isatis.asso.fr\/la-maison-des-poetes\/wp-content\/uploads\/sites\/15\/2019\/09\/les-poetes-lieu-1077x1000.jpg 1077w, https:\/\/isatis.asso.fr\/la-maison-des-poetes\/wp-content\/uploads\/sites\/15\/2019\/09\/les-poetes-lieu.jpg 1300w\" sizes=\"auto, (max-width: 1024px) 100vw, 1024px\" \/><\/figure>\n<\/div>\n\n\n\n<div class=\"wp-block-column is-layout-flow wp-block-column-is-layout-flow\" style=\"flex-basis:33.33%\">\n<p>Ouvert en 2000, l\u2019\u00e9tablissement dispose de 72 logements individuels, \u00e9quip\u00e9s d\u2019une salle de bain et de mobilier adapt\u00e9s \u00e0 la mobilit\u00e9 r\u00e9duite, que vous pouvez personnaliser.<\/p>\n\n\n\n<p>Vous disposez aux \u00e9tages d\u2019espaces de convivialit\u00e9.<\/p>\n\n\n\n<p>Vous trouverez au rez-de-chauss\u00e9e de nombreux espaces (jardin, salle d\u2019ergoth\u00e9rapie, biblioth\u00e8que, salon de coiffure) favorisant la vie sociale.<\/p>\n<\/div>\n<\/div>\n\n\n\n<h2 class=\"wp-block-heading\">L\u2019accompagnement<\/h2>\n\n\n\n<div class=\"wp-block-columns is-layout-flex wp-container-core-columns-is-layout-9d6595d7 wp-block-columns-is-layout-flex\">\n<div class=\"wp-block-column is-layout-flow wp-block-column-is-layout-flow\" style=\"flex-basis:66.66%\">\n<figure class=\"wp-block-image size-large\"><img loading=\"lazy\" decoding=\"async\" width=\"768\" height=\"1024\" src=\"https:\/\/isatis.asso.fr\/la-maison-des-poetes\/wp-content\/uploads\/sites\/15\/2019\/09\/les-poetes-accompagnement-768x1024.jpg\" alt=\"\" class=\"wp-image-76\" srcset=\"https:\/\/isatis.asso.fr\/la-maison-des-poetes\/wp-content\/uploads\/sites\/15\/2019\/09\/les-poetes-accompagnement-768x1024.jpg 768w, https:\/\/isatis.asso.fr\/la-maison-des-poetes\/wp-content\/uploads\/sites\/15\/2019\/09\/les-poetes-accompagnement-225x300.jpg 225w, https:\/\/isatis.asso.fr\/la-maison-des-poetes\/wp-content\/uploads\/sites\/15\/2019\/09\/les-poetes-accompagnement-750x1000.jpg 750w, https:\/\/isatis.asso.fr\/la-maison-des-poetes\/wp-content\/uploads\/sites\/15\/2019\/09\/les-poetes-accompagnement.jpg 1300w\" sizes=\"auto, (max-width: 768px) 100vw, 768px\" \/><\/figure>\n<\/div>\n\n\n\n<div class=\"wp-block-column is-layout-flow wp-block-column-is-layout-flow\" style=\"flex-basis:33.33%\">\n<p>Une \u00e9quipe pluridisciplinaire \u0153uvre dans tous les domaines pour votre bien-\u00eatre. Un projet d\u2019accompagnement individualis\u00e9 est d\u00e9fini en concertation avec la personne accueillie et\/ou ses proches, pour adapter les prestations et interventions de l\u2019\u00e9quipe. <\/p>\n<\/div>\n<\/div>\n\n\n\n<h2 class=\"wp-block-heading\">Les soins<\/h2>\n\n\n\n<div class=\"wp-block-columns is-layout-flex wp-container-core-columns-is-layout-9d6595d7 wp-block-columns-is-layout-flex\">\n<div class=\"wp-block-column is-layout-flow wp-block-column-is-layout-flow\" style=\"flex-basis:66.66%\">\n<figure class=\"wp-block-image size-large\"><img loading=\"lazy\" decoding=\"async\" width=\"1024\" height=\"608\" src=\"https:\/\/isatis.asso.fr\/la-maison-des-poetes\/wp-content\/uploads\/sites\/15\/2019\/09\/les-poetes-soins-1024x608.jpg\" alt=\"\" class=\"wp-image-75\" srcset=\"https:\/\/isatis.asso.fr\/la-maison-des-poetes\/wp-content\/uploads\/sites\/15\/2019\/09\/les-poetes-soins-1024x608.jpg 1024w, https:\/\/isatis.asso.fr\/la-maison-des-poetes\/wp-content\/uploads\/sites\/15\/2019\/09\/les-poetes-soins-300x178.jpg 300w, https:\/\/isatis.asso.fr\/la-maison-des-poetes\/wp-content\/uploads\/sites\/15\/2019\/09\/les-poetes-soins-768x456.jpg 768w, https:\/\/isatis.asso.fr\/la-maison-des-poetes\/wp-content\/uploads\/sites\/15\/2019\/09\/les-poetes-soins.jpg 1300w\" sizes=\"auto, (max-width: 1024px) 100vw, 1024px\" \/><\/figure>\n<\/div>\n\n\n\n<div class=\"wp-block-column is-layout-flow wp-block-column-is-layout-flow\" style=\"flex-basis:33.33%\">\n<p>L\u2019\u00e9quipe m\u00e9dicale et param\u00e9dicale assurent les soins au quotidien \u00a0encadr\u00e9e par la cadre-de sant\u00e9 et le m\u00e9decin coordonnateur.<\/p>\n<\/div>\n<\/div>\n\n\n\n<h2 class=\"wp-block-heading\">L\u2019animation <\/h2>\n\n\n\n<div class=\"wp-block-columns is-layout-flex wp-container-core-columns-is-layout-9d6595d7 wp-block-columns-is-layout-flex\">\n<div class=\"wp-block-column is-layout-flow wp-block-column-is-layout-flow\" style=\"flex-basis:66.66%\">\n<figure class=\"wp-block-image size-large\"><img loading=\"lazy\" decoding=\"async\" width=\"1024\" height=\"768\" src=\"https:\/\/isatis.asso.fr\/la-maison-des-poetes\/wp-content\/uploads\/sites\/15\/2019\/09\/les-poetes-anim-1024x768.jpg\" alt=\"\" class=\"wp-image-80\" srcset=\"https:\/\/isatis.asso.fr\/la-maison-des-poetes\/wp-content\/uploads\/sites\/15\/2019\/09\/les-poetes-anim-1024x768.jpg 1024w, https:\/\/isatis.asso.fr\/la-maison-des-poetes\/wp-content\/uploads\/sites\/15\/2019\/09\/les-poetes-anim-300x225.jpg 300w, https:\/\/isatis.asso.fr\/la-maison-des-poetes\/wp-content\/uploads\/sites\/15\/2019\/09\/les-poetes-anim-768x576.jpg 768w, https:\/\/isatis.asso.fr\/la-maison-des-poetes\/wp-content\/uploads\/sites\/15\/2019\/09\/les-poetes-anim.jpg 1300w\" sizes=\"auto, (max-width: 1024px) 100vw, 1024px\" \/><\/figure>\n<\/div>\n\n\n\n<div class=\"wp-block-column is-layout-flow wp-block-column-is-layout-flow\" style=\"flex-basis:33.33%\">\n<p>Un programme d\u2019activit\u00e9s hebdomadaire vous est propos\u00e9 pour divertir mais aussi stimuler les fonctions cognitives et motrices. Vous pouvez aussi participer \u00e0 de nombreux \u00e9v\u00e9nements ponctuels : concerts, rencontres, sorties, journ\u00e9es \u00e0 th\u00e8me. <\/p>\n<\/div>\n<\/div>\n","protected":false},"excerpt":{"rendered":"<p>Le lieu de vie Ouvert en 2000, l\u2019\u00e9tablissement dispose de 72 logements individuels, \u00e9quip\u00e9s d\u2019une salle de bain et de mobilier adapt\u00e9s \u00e0 la mobilit\u00e9 r\u00e9duite, que vous pouvez personnaliser. Vous disposez aux \u00e9tages d\u2019espaces de convivialit\u00e9. Vous trouverez au rez-de-chauss\u00e9e de nombreux espaces (jardin, salle d\u2019ergoth\u00e9rapie, biblioth\u00e8que, salon de coiffure) favorisant la vie sociale. [&hellip;]<\/p>\n","protected":false},"author":1,"featured_media":0,"parent":2,"menu_order":2,"comment_status":"closed","ping_status":"closed","template":"","meta":{"_acf_changed":false,"footnotes":""},"class_list":["post-5","page","type-page","status-publish","hentry"],"acf":[],"yoast_head":"<!-- This site is optimized with the Yoast SEO plugin v27.3 - https:\/\/yoast.com\/product\/yoast-seo-wordpress\/ -->\n<title>Description - La Maison des Po\u00e8tes<\/title>\n<meta name=\"robots\" content=\"index, follow, max-snippet:-1, max-image-preview:large, max-video-preview:-1\" \/>\n<link rel=\"canonical\" href=\"https:\/\/isatis.asso.fr\/la-maison-des-poetes\/ehpad\/description\/\" \/>\n<meta property=\"og:locale\" content=\"fr_FR\" \/>\n<meta property=\"og:type\" content=\"article\" \/>\n<meta property=\"og:title\" content=\"Description - La Maison des Po\u00e8tes\" \/>\n<meta property=\"og:description\" content=\"Le lieu de vie Ouvert en 2000, l\u2019\u00e9tablissement dispose de 72 logements individuels, \u00e9quip\u00e9s d\u2019une salle de bain et de mobilier adapt\u00e9s \u00e0 la mobilit\u00e9 r\u00e9duite, que vous pouvez personnaliser. Vous disposez aux \u00e9tages d\u2019espaces de convivialit\u00e9. Vous trouverez au rez-de-chauss\u00e9e de nombreux espaces (jardin, salle d\u2019ergoth\u00e9rapie, biblioth\u00e8que, salon de coiffure) favorisant la vie sociale. [&hellip;]\" \/>\n<meta property=\"og:url\" content=\"https:\/\/isatis.asso.fr\/la-maison-des-poetes\/ehpad\/description\/\" \/>\n<meta property=\"og:site_name\" content=\"La Maison des Po\u00e8tes\" \/>\n<meta property=\"article:modified_time\" content=\"2019-12-03T14:32:09+00:00\" \/>\n<meta property=\"og:image\" content=\"https:\/\/isatis.asso.fr\/la-maison-des-poetes\/wp-content\/uploads\/sites\/15\/2019\/09\/les-poetes-lieu-1024x951.jpg\" \/>\n<meta name=\"twitter:card\" content=\"summary_large_image\" \/>\n<meta name=\"twitter:label1\" content=\"Dur\u00e9e de lecture estim\u00e9e\" \/>\n\t<meta name=\"twitter:data1\" content=\"1 minute\" \/>\n<script type=\"application\/ld+json\" class=\"yoast-schema-graph\">{\"@context\":\"https:\\\/\\\/schema.org\",\"@graph\":[{\"@type\":\"WebPage\",\"@id\":\"https:\\\/\\\/isatis.asso.fr\\\/la-maison-des-poetes\\\/ehpad\\\/description\\\/\",\"url\":\"https:\\\/\\\/isatis.asso.fr\\\/la-maison-des-poetes\\\/ehpad\\\/description\\\/\",\"name\":\"Description - La Maison des Po\u00e8tes\",\"isPartOf\":{\"@id\":\"https:\\\/\\\/isatis.asso.fr\\\/la-maison-des-poetes\\\/#website\"},\"primaryImageOfPage\":{\"@id\":\"https:\\\/\\\/isatis.asso.fr\\\/la-maison-des-poetes\\\/ehpad\\\/description\\\/#primaryimage\"},\"image\":{\"@id\":\"https:\\\/\\\/isatis.asso.fr\\\/la-maison-des-poetes\\\/ehpad\\\/description\\\/#primaryimage\"},\"thumbnailUrl\":\"https:\\\/\\\/isatis.asso.fr\\\/la-maison-des-poetes\\\/wp-content\\\/uploads\\\/sites\\\/15\\\/2019\\\/09\\\/les-poetes-lieu-1024x951.jpg\",\"datePublished\":\"2019-06-25T12:34:14+00:00\",\"dateModified\":\"2019-12-03T14:32:09+00:00\",\"breadcrumb\":{\"@id\":\"https:\\\/\\\/isatis.asso.fr\\\/la-maison-des-poetes\\\/ehpad\\\/description\\\/#breadcrumb\"},\"inLanguage\":\"fr-FR\",\"potentialAction\":[{\"@type\":\"ReadAction\",\"target\":[\"https:\\\/\\\/isatis.asso.fr\\\/la-maison-des-poetes\\\/ehpad\\\/description\\\/\"]}]},{\"@type\":\"ImageObject\",\"inLanguage\":\"fr-FR\",\"@id\":\"https:\\\/\\\/isatis.asso.fr\\\/la-maison-des-poetes\\\/ehpad\\\/description\\\/#primaryimage\",\"url\":\"https:\\\/\\\/isatis.asso.fr\\\/la-maison-des-poetes\\\/wp-content\\\/uploads\\\/sites\\\/15\\\/2019\\\/09\\\/les-poetes-lieu.jpg\",\"contentUrl\":\"https:\\\/\\\/isatis.asso.fr\\\/la-maison-des-poetes\\\/wp-content\\\/uploads\\\/sites\\\/15\\\/2019\\\/09\\\/les-poetes-lieu.jpg\",\"width\":1300,\"height\":1207},{\"@type\":\"BreadcrumbList\",\"@id\":\"https:\\\/\\\/isatis.asso.fr\\\/la-maison-des-poetes\\\/ehpad\\\/description\\\/#breadcrumb\",\"itemListElement\":[{\"@type\":\"ListItem\",\"position\":1,\"name\":\"Accueil\",\"item\":\"https:\\\/\\\/isatis.asso.fr\\\/la-maison-des-poetes\\\/\"},{\"@type\":\"ListItem\",\"position\":2,\"name\":\"Pr\u00e9sentation\",\"item\":\"https:\\\/\\\/isatis.asso.fr\\\/la-maison-des-poetes\\\/\"},{\"@type\":\"ListItem\",\"position\":3,\"name\":\"Description\"}]},{\"@type\":\"WebSite\",\"@id\":\"https:\\\/\\\/isatis.asso.fr\\\/la-maison-des-poetes\\\/#website\",\"url\":\"https:\\\/\\\/isatis.asso.fr\\\/la-maison-des-poetes\\\/\",\"name\":\"La Maison des Po\u00e8tes\",\"description\":\"EHPAD\",\"potentialAction\":[{\"@type\":\"SearchAction\",\"target\":{\"@type\":\"EntryPoint\",\"urlTemplate\":\"https:\\\/\\\/isatis.asso.fr\\\/la-maison-des-poetes\\\/?s={search_term_string}\"},\"query-input\":{\"@type\":\"PropertyValueSpecification\",\"valueRequired\":true,\"valueName\":\"search_term_string\"}}],\"inLanguage\":\"fr-FR\"}]}<\/script>\n<!-- \/ Yoast SEO plugin. -->","yoast_head_json":{"title":"Description - La Maison des Po\u00e8tes","robots":{"index":"index","follow":"follow","max-snippet":"max-snippet:-1","max-image-preview":"max-image-preview:large","max-video-preview":"max-video-preview:-1"},"canonical":"https:\/\/isatis.asso.fr\/la-maison-des-poetes\/ehpad\/description\/","og_locale":"fr_FR","og_type":"article","og_title":"Description - La Maison des Po\u00e8tes","og_description":"Le lieu de vie Ouvert en 2000, l\u2019\u00e9tablissement dispose de 72 logements individuels, \u00e9quip\u00e9s d\u2019une salle de bain et de mobilier adapt\u00e9s \u00e0 la mobilit\u00e9 r\u00e9duite, que vous pouvez personnaliser. Vous disposez aux \u00e9tages d\u2019espaces de convivialit\u00e9. Vous trouverez au rez-de-chauss\u00e9e de nombreux espaces (jardin, salle d\u2019ergoth\u00e9rapie, biblioth\u00e8que, salon de coiffure) favorisant la vie sociale. [&hellip;]","og_url":"https:\/\/isatis.asso.fr\/la-maison-des-poetes\/ehpad\/description\/","og_site_name":"La Maison des Po\u00e8tes","article_modified_time":"2019-12-03T14:32:09+00:00","og_image":[{"url":"https:\/\/isatis.asso.fr\/la-maison-des-poetes\/wp-content\/uploads\/sites\/15\/2019\/09\/les-poetes-lieu-1024x951.jpg","type":"","width":"","height":""}],"twitter_card":"summary_large_image","twitter_misc":{"Dur\u00e9e de lecture estim\u00e9e":"1 minute"},"schema":{"@context":"https:\/\/schema.org","@graph":[{"@type":"WebPage","@id":"https:\/\/isatis.asso.fr\/la-maison-des-poetes\/ehpad\/description\/","url":"https:\/\/isatis.asso.fr\/la-maison-des-poetes\/ehpad\/description\/","name":"Description - La Maison des Po\u00e8tes","isPartOf":{"@id":"https:\/\/isatis.asso.fr\/la-maison-des-poetes\/#website"},"primaryImageOfPage":{"@id":"https:\/\/isatis.asso.fr\/la-maison-des-poetes\/ehpad\/description\/#primaryimage"},"image":{"@id":"https:\/\/isatis.asso.fr\/la-maison-des-poetes\/ehpad\/description\/#primaryimage"},"thumbnailUrl":"https:\/\/isatis.asso.fr\/la-maison-des-poetes\/wp-content\/uploads\/sites\/15\/2019\/09\/les-poetes-lieu-1024x951.jpg","datePublished":"2019-06-25T12:34:14+00:00","dateModified":"2019-12-03T14:32:09+00:00","breadcrumb":{"@id":"https:\/\/isatis.asso.fr\/la-maison-des-poetes\/ehpad\/description\/#breadcrumb"},"inLanguage":"fr-FR","potentialAction":[{"@type":"ReadAction","target":["https:\/\/isatis.asso.fr\/la-maison-des-poetes\/ehpad\/description\/"]}]},{"@type":"ImageObject","inLanguage":"fr-FR","@id":"https:\/\/isatis.asso.fr\/la-maison-des-poetes\/ehpad\/description\/#primaryimage","url":"https:\/\/isatis.asso.fr\/la-maison-des-poetes\/wp-content\/uploads\/sites\/15\/2019\/09\/les-poetes-lieu.jpg","contentUrl":"https:\/\/isatis.asso.fr\/la-maison-des-poetes\/wp-content\/uploads\/sites\/15\/2019\/09\/les-poetes-lieu.jpg","width":1300,"height":1207},{"@type":"BreadcrumbList","@id":"https:\/\/isatis.asso.fr\/la-maison-des-poetes\/ehpad\/description\/#breadcrumb","itemListElement":[{"@type":"ListItem","position":1,"name":"Accueil","item":"https:\/\/isatis.asso.fr\/la-maison-des-poetes\/"},{"@type":"ListItem","position":2,"name":"Pr\u00e9sentation","item":"https:\/\/isatis.asso.fr\/la-maison-des-poetes\/"},{"@type":"ListItem","position":3,"name":"Description"}]},{"@type":"WebSite","@id":"https:\/\/isatis.asso.fr\/la-maison-des-poetes\/#website","url":"https:\/\/isatis.asso.fr\/la-maison-des-poetes\/","name":"La Maison des Po\u00e8tes","description":"EHPAD","potentialAction":[{"@type":"SearchAction","target":{"@type":"EntryPoint","urlTemplate":"https:\/\/isatis.asso.fr\/la-maison-des-poetes\/?s={search_term_string}"},"query-input":{"@type":"PropertyValueSpecification","valueRequired":true,"valueName":"search_term_string"}}],"inLanguage":"fr-FR"}]}},"_links":{"self":[{"href":"https:\/\/isatis.asso.fr\/la-maison-des-poetes\/wp-json\/wp\/v2\/pages\/5","targetHints":{"allow":["GET"]}}],"collection":[{"href":"https:\/\/isatis.asso.fr\/la-maison-des-poetes\/wp-json\/wp\/v2\/pages"}],"about":[{"href":"https:\/\/isatis.asso.fr\/la-maison-des-poetes\/wp-json\/wp\/v2\/types\/page"}],"author":[{"embeddable":true,"href":"https:\/\/isatis.asso.fr\/la-maison-des-poetes\/wp-json\/wp\/v2\/users\/1"}],"replies":[{"embeddable":true,"href":"https:\/\/isatis.asso.fr\/la-maison-des-poetes\/wp-json\/wp\/v2\/comments?post=5"}],"version-history":[{"count":6,"href":"https:\/\/isatis.asso.fr\/la-maison-des-poetes\/wp-json\/wp\/v2\/pages\/5\/revisions"}],"predecessor-version":[{"id":115,"href":"https:\/\/isatis.asso.fr\/la-maison-des-poetes\/wp-json\/wp\/v2\/pages\/5\/revisions\/115"}],"up":[{"embeddable":true,"href":"https:\/\/isatis.asso.fr\/la-maison-des-poetes\/wp-json\/wp\/v2\/pages\/2"}],"wp:attachment":[{"href":"https:\/\/isatis.asso.fr\/la-maison-des-poetes\/wp-json\/wp\/v2\/media?parent=5"}],"curies":[{"name":"wp","href":"https:\/\/api.w.org\/{rel}","templated":true}]}}